{"id":6642,"date":"2023-05-21T09:40:07","date_gmt":"2023-05-21T07:40:07","guid":{"rendered":"http:\/\/www.laperle.tess5418.odns.fr\/restaurantes\/"},"modified":"2023-08-23T14:09:25","modified_gmt":"2023-08-23T12:09:25","slug":"restaurantes","status":"publish","type":"page","link":"https:\/\/www.odeonhotel.fr\/es\/visite-paris\/restaurantes\/","title":{"rendered":"Restaurantes"},"content":{"rendered":"\n<p class=\"has-text-align-justify\">Emb\u00e1rquese en un viaje culinario por Par\u00eds, donde le espera un mundo de delicias gastron\u00f3micas. Desde restaurantes con estrellas Michelin hasta encantadores bistr\u00f3s y caf\u00e9s de moda, la ciudad ofrece un variado panorama gastron\u00f3mico. Del\u00e9itese con la exquisita cocina francesa, saboree deliciosos pasteles y explore sabores internacionales. Los restaurantes parisinos prometen una experiencia epic\u00farea inolvidable. <\/p>\n\n\n\n<div class=\"wp-block-query is-layout-flow wp-block-query-is-layout-flow\"><ul class=\"columns-3 wp-block-post-template is-layout-grid wp-container-core-post-template-is-layout-6d3fbd8f wp-block-post-template-is-layout-grid\"><li class=\"wp-block-post post-8650 post type-post status-publish format-standard has-post-thumbnail hentry category-restaurantes-y-comida\">\n<figure class=\"bordure-doree hover-zoom wp-block-post-featured-image\"><a href=\"https:\/\/www.odeonhotel.fr\/es\/restaurantes-y-comida\/la-mediterranee\/\" target=\"_self\"  ><img decoding=\"async\" width=\"1920\" height=\"965\" src=\"https:\/\/www.odeonhotel.fr\/wp-content\/uploads\/2016\/05\/LES-EDITEURS.jpg\" class=\"attachment-post-thumbnail size-post-thumbnail wp-post-image\" alt=\"Les Editeurs\" style=\"object-fit:cover;\" srcset=\"https:\/\/www.odeonhotel.fr\/wp-content\/uploads\/2016\/05\/LES-EDITEURS.jpg 1920w, https:\/\/www.odeonhotel.fr\/wp-content\/uploads\/2016\/05\/LES-EDITEURS-300x151.jpg 300w, https:\/\/www.odeonhotel.fr\/wp-content\/uploads\/2016\/05\/LES-EDITEURS-1024x515.jpg 1024w, https:\/\/www.odeonhotel.fr\/wp-content\/uploads\/2016\/05\/LES-EDITEURS-768x386.jpg 768w, https:\/\/www.odeonhotel.fr\/wp-content\/uploads\/2016\/05\/LES-EDITEURS-1536x772.jpg 1536w\" sizes=\"(max-width: 1920px) 100vw, 1920px\" title=\"\"><span class=\"wp-block-post-featured-image__overlay has-background-dim has-background-dim-10\" style=\"\" aria-hidden=\"true\"><\/span><\/a><\/figure>\n\n<h2 class=\"has-text-align-center has-link-color wp-elements-ec4dad56195e23fcce3ffc0f4f79024b wp-block-post-title has-medium-font-size\"><a href=\"https:\/\/www.odeonhotel.fr\/es\/restaurantes-y-comida\/la-mediterranee\/\" target=\"_self\" >Les Editeurs<\/a><\/h2>\n<\/li><li class=\"wp-block-post post-8670 post type-post status-publish format-standard has-post-thumbnail hentry category-restaurantes-y-comida\">\n<figure class=\"bordure-doree hover-zoom wp-block-post-featured-image\"><a href=\"https:\/\/www.odeonhotel.fr\/es\/restaurantes-y-comida\/vagenende\/\" target=\"_self\"  ><img decoding=\"async\" width=\"1920\" height=\"965\" src=\"https:\/\/www.odeonhotel.fr\/wp-content\/uploads\/2016\/05\/COMPTOIR-DU-RELAIS.jpg\" class=\"attachment-post-thumbnail size-post-thumbnail wp-post-image\" alt=\"Le comptoir du relais\" style=\"object-fit:cover;\" srcset=\"https:\/\/www.odeonhotel.fr\/wp-content\/uploads\/2016\/05\/COMPTOIR-DU-RELAIS.jpg 1920w, https:\/\/www.odeonhotel.fr\/wp-content\/uploads\/2016\/05\/COMPTOIR-DU-RELAIS-300x151.jpg 300w, https:\/\/www.odeonhotel.fr\/wp-content\/uploads\/2016\/05\/COMPTOIR-DU-RELAIS-1024x515.jpg 1024w, https:\/\/www.odeonhotel.fr\/wp-content\/uploads\/2016\/05\/COMPTOIR-DU-RELAIS-768x386.jpg 768w, https:\/\/www.odeonhotel.fr\/wp-content\/uploads\/2016\/05\/COMPTOIR-DU-RELAIS-1536x772.jpg 1536w\" sizes=\"(max-width: 1920px) 100vw, 1920px\" title=\"\"><span class=\"wp-block-post-featured-image__overlay has-background-dim has-background-dim-10\" style=\"\" aria-hidden=\"true\"><\/span><\/a><\/figure>\n\n<h2 class=\"has-text-align-center has-link-color wp-elements-ec4dad56195e23fcce3ffc0f4f79024b wp-block-post-title has-medium-font-size\"><a href=\"https:\/\/www.odeonhotel.fr\/es\/restaurantes-y-comida\/vagenende\/\" target=\"_self\" >Le comptoir du relais<\/a><\/h2>\n<\/li><li class=\"wp-block-post post-8685 post type-post status-publish format-standard has-post-thumbnail hentry category-restaurantes-y-comida\">\n<figure class=\"bordure-doree hover-zoom wp-block-post-featured-image\"><a href=\"https:\/\/www.odeonhotel.fr\/es\/restaurantes-y-comida\/la-cuisine-de-philippe\/\" target=\"_self\"  ><img decoding=\"async\" width=\"1920\" height=\"965\" src=\"https:\/\/www.odeonhotel.fr\/wp-content\/uploads\/2016\/05\/Marco-polo.jpg\" class=\"attachment-post-thumbnail size-post-thumbnail wp-post-image\" alt=\"Marco Polo\" style=\"object-fit:cover;\" srcset=\"https:\/\/www.odeonhotel.fr\/wp-content\/uploads\/2016\/05\/Marco-polo.jpg 1920w, https:\/\/www.odeonhotel.fr\/wp-content\/uploads\/2016\/05\/Marco-polo-300x151.jpg 300w, https:\/\/www.odeonhotel.fr\/wp-content\/uploads\/2016\/05\/Marco-polo-1024x515.jpg 1024w, https:\/\/www.odeonhotel.fr\/wp-content\/uploads\/2016\/05\/Marco-polo-768x386.jpg 768w, https:\/\/www.odeonhotel.fr\/wp-content\/uploads\/2016\/05\/Marco-polo-1536x772.jpg 1536w\" sizes=\"(max-width: 1920px) 100vw, 1920px\" title=\"\"><span class=\"wp-block-post-featured-image__overlay has-background-dim has-background-dim-10\" style=\"\" aria-hidden=\"true\"><\/span><\/a><\/figure>\n\n<h2 class=\"has-text-align-center has-link-color wp-elements-ec4dad56195e23fcce3ffc0f4f79024b wp-block-post-title has-medium-font-size\"><a href=\"https:\/\/www.odeonhotel.fr\/es\/restaurantes-y-comida\/la-cuisine-de-philippe\/\" target=\"_self\" >Marco Polo<\/a><\/h2>\n<\/li><li class=\"wp-block-post post-8721 post type-post status-publish format-standard has-post-thumbnail hentry category-restaurantes-y-comida\">\n<figure class=\"bordure-doree hover-zoom wp-block-post-featured-image\"><a href=\"https:\/\/www.odeonhotel.fr\/es\/restaurantes-y-comida\/chez-fernand\/\" target=\"_self\"  ><img decoding=\"async\" width=\"1920\" height=\"965\" src=\"https:\/\/www.odeonhotel.fr\/wp-content\/uploads\/2016\/05\/PROCOPE.jpg\" class=\"attachment-post-thumbnail size-post-thumbnail wp-post-image\" alt=\"Le Procope\" style=\"object-fit:cover;\" srcset=\"https:\/\/www.odeonhotel.fr\/wp-content\/uploads\/2016\/05\/PROCOPE.jpg 1920w, https:\/\/www.odeonhotel.fr\/wp-content\/uploads\/2016\/05\/PROCOPE-300x151.jpg 300w, https:\/\/www.odeonhotel.fr\/wp-content\/uploads\/2016\/05\/PROCOPE-1024x515.jpg 1024w, https:\/\/www.odeonhotel.fr\/wp-content\/uploads\/2016\/05\/PROCOPE-768x386.jpg 768w, https:\/\/www.odeonhotel.fr\/wp-content\/uploads\/2016\/05\/PROCOPE-1536x772.jpg 1536w\" sizes=\"(max-width: 1920px) 100vw, 1920px\" title=\"\"><span class=\"wp-block-post-featured-image__overlay has-background-dim has-background-dim-10\" style=\"\" aria-hidden=\"true\"><\/span><\/a><\/figure>\n\n<h2 class=\"has-text-align-center has-link-color wp-elements-ec4dad56195e23fcce3ffc0f4f79024b wp-block-post-title has-medium-font-size\"><a href=\"https:\/\/www.odeonhotel.fr\/es\/restaurantes-y-comida\/chez-fernand\/\" target=\"_self\" >Le Procope<\/a><\/h2>\n<\/li><li class=\"wp-block-post post-8738 post type-post status-publish format-standard has-post-thumbnail hentry category-restaurantes-y-comida\">\n<figure class=\"bordure-doree hover-zoom wp-block-post-featured-image\"><a href=\"https:\/\/www.odeonhotel.fr\/es\/restaurantes-y-comida\/atelier-rouliere\/\" target=\"_self\"  ><img decoding=\"async\" width=\"1920\" height=\"965\" src=\"https:\/\/www.odeonhotel.fr\/wp-content\/uploads\/2016\/05\/VAGENENDE.jpg\" class=\"attachment-post-thumbnail size-post-thumbnail wp-post-image\" alt=\"Vagenende\" style=\"object-fit:cover;\" srcset=\"https:\/\/www.odeonhotel.fr\/wp-content\/uploads\/2016\/05\/VAGENENDE.jpg 1920w, https:\/\/www.odeonhotel.fr\/wp-content\/uploads\/2016\/05\/VAGENENDE-300x151.jpg 300w, https:\/\/www.odeonhotel.fr\/wp-content\/uploads\/2016\/05\/VAGENENDE-1024x515.jpg 1024w, https:\/\/www.odeonhotel.fr\/wp-content\/uploads\/2016\/05\/VAGENENDE-768x386.jpg 768w, https:\/\/www.odeonhotel.fr\/wp-content\/uploads\/2016\/05\/VAGENENDE-1536x772.jpg 1536w\" sizes=\"(max-width: 1920px) 100vw, 1920px\" title=\"\"><span class=\"wp-block-post-featured-image__overlay has-background-dim has-background-dim-10\" style=\"\" aria-hidden=\"true\"><\/span><\/a><\/figure>\n\n<h2 class=\"has-text-align-center has-link-color wp-elements-ec4dad56195e23fcce3ffc0f4f79024b wp-block-post-title has-medium-font-size\"><a href=\"https:\/\/www.odeonhotel.fr\/es\/restaurantes-y-comida\/atelier-rouliere\/\" target=\"_self\" >Vagenende<\/a><\/h2>\n<\/li><\/ul>\n\n<\/div>\n","protected":false},"excerpt":{"rendered":"<p>Emb\u00e1rquese en un viaje culinario por Par\u00eds, donde le espera un mundo de delicias gastron\u00f3micas. Desde restaurantes con estrellas Michelin hasta encantadores bistr\u00f3s y caf\u00e9s de moda, la ciudad ofrece un variado panorama gastron\u00f3mico. Del\u00e9itese con la exquisita cocina francesa, saboree deliciosos pasteles y explore sabores internacionales. Los restaurantes parisinos prometen una experiencia epic\u00farea inolvidable.<\/p>\n","protected":false},"author":2,"featured_media":6177,"parent":6656,"menu_order":0,"comment_status":"closed","ping_status":"closed","template":"wp-custom-template-le-template-des-chambres","meta":{"footnotes":""},"class_list":["post-6642","page","type-page","status-publish","has-post-thumbnail","hentry"],"_links":{"self":[{"href":"https:\/\/www.odeonhotel.fr\/es\/wp-json\/wp\/v2\/pages\/6642","targetHints":{"allow":["GET"]}}],"collection":[{"href":"https:\/\/www.odeonhotel.fr\/es\/wp-json\/wp\/v2\/pages"}],"about":[{"href":"https:\/\/www.odeonhotel.fr\/es\/wp-json\/wp\/v2\/types\/page"}],"author":[{"embeddable":true,"href":"https:\/\/www.odeonhotel.fr\/es\/wp-json\/wp\/v2\/users\/2"}],"replies":[{"embeddable":true,"href":"https:\/\/www.odeonhotel.fr\/es\/wp-json\/wp\/v2\/comments?post=6642"}],"version-history":[{"count":0,"href":"https:\/\/www.odeonhotel.fr\/es\/wp-json\/wp\/v2\/pages\/6642\/revisions"}],"up":[{"embeddable":true,"href":"https:\/\/www.odeonhotel.fr\/es\/wp-json\/wp\/v2\/pages\/6656"}],"wp:featuredmedia":[{"embeddable":true,"href":"https:\/\/www.odeonhotel.fr\/es\/wp-json\/wp\/v2\/media\/6177"}],"wp:attachment":[{"href":"https:\/\/www.odeonhotel.fr\/es\/wp-json\/wp\/v2\/media?parent=6642"}],"curies":[{"name":"wp","href":"https:\/\/api.w.org\/{rel}","templated":true}]}}

<p class="has-text-align-justify">Embárquese en un viaje culinario por París, donde le espera un mundo de delicias gastronómicas. Desde restaurantes con estrellas Michelin hasta encantadores bistrós y cafés de moda, la ciudad ofrece un variado panorama gastronómico. Deléitese con la exquisita cocina francesa, saboree deliciosos pasteles y explore sabores internacionales. Los restaurantes parisinos prometen una experiencia epicúrea inolvidable. </p>



<div class="wp-block-query is-layout-flow wp-block-query-is-layout-flow"><ul class="columns-3 wp-block-post-template is-layout-grid wp-container-core-post-template-is-layout-6d3fbd8f wp-block-post-template-is-layout-grid"><li class="wp-block-post post-8650 post type-post status-publish format-standard has-post-thumbnail hentry category-restaurantes-y-comida">
<figure class="bordure-doree hover-zoom wp-block-post-featured-image"><a href="https://www.odeonhotel.fr/es/restaurantes-y-comida/la-mediterranee/" target="_self"  ><img decoding="async" width="1920" height="965" src="https://www.odeonhotel.fr/wp-content/uploads/2016/05/LES-EDITEURS.jpg" class="attachment-post-thumbnail size-post-thumbnail wp-post-image" alt="Les Editeurs" style="object-fit:cover;" srcset="https://www.odeonhotel.fr/wp-content/uploads/2016/05/LES-EDITEURS.jpg 1920w, https://www.odeonhotel.fr/wp-content/uploads/2016/05/LES-EDITEURS-300x151.jpg 300w, https://www.odeonhotel.fr/wp-content/uploads/2016/05/LES-EDITEURS-1024x515.jpg 1024w, https://www.odeonhotel.fr/wp-content/uploads/2016/05/LES-EDITEURS-768x386.jpg 768w, https://www.odeonhotel.fr/wp-content/uploads/2016/05/LES-EDITEURS-1536x772.jpg 1536w" sizes="(max-width: 1920px) 100vw, 1920px" title=""><span class="wp-block-post-featured-image__overlay has-background-dim has-background-dim-10" style="" aria-hidden="true"></span></a></figure>

<h2 class="has-text-align-center has-link-color wp-elements-ec4dad56195e23fcce3ffc0f4f79024b wp-block-post-title has-medium-font-size"><a href="https://www.odeonhotel.fr/es/restaurantes-y-comida/la-mediterranee/" target="_self" >Les Editeurs</a></h2>
</li><li class="wp-block-post post-8670 post type-post status-publish format-standard has-post-thumbnail hentry category-restaurantes-y-comida">
<figure class="bordure-doree hover-zoom wp-block-post-featured-image"><a href="https://www.odeonhotel.fr/es/restaurantes-y-comida/vagenende/" target="_self"  ><img decoding="async" width="1920" height="965" src="https://www.odeonhotel.fr/wp-content/uploads/2016/05/COMPTOIR-DU-RELAIS.jpg" class="attachment-post-thumbnail size-post-thumbnail wp-post-image" alt="Le comptoir du relais" style="object-fit:cover;" srcset="https://www.odeonhotel.fr/wp-content/uploads/2016/05/COMPTOIR-DU-RELAIS.jpg 1920w, https://www.odeonhotel.fr/wp-content/uploads/2016/05/COMPTOIR-DU-RELAIS-300x151.jpg 300w, https://www.odeonhotel.fr/wp-content/uploads/2016/05/COMPTOIR-DU-RELAIS-1024x515.jpg 1024w, https://www.odeonhotel.fr/wp-content/uploads/2016/05/COMPTOIR-DU-RELAIS-768x386.jpg 768w, https://www.odeonhotel.fr/wp-content/uploads/2016/05/COMPTOIR-DU-RELAIS-1536x772.jpg 1536w" sizes="(max-width: 1920px) 100vw, 1920px" title=""><span class="wp-block-post-featured-image__overlay has-background-dim has-background-dim-10" style="" aria-hidden="true"></span></a></figure>

<h2 class="has-text-align-center has-link-color wp-elements-ec4dad56195e23fcce3ffc0f4f79024b wp-block-post-title has-medium-font-size"><a href="https://www.odeonhotel.fr/es/restaurantes-y-comida/vagenende/" target="_self" >Le comptoir du relais</a></h2>
</li><li class="wp-block-post post-8685 post type-post status-publish format-standard has-post-thumbnail hentry category-restaurantes-y-comida">
<figure class="bordure-doree hover-zoom wp-block-post-featured-image"><a href="https://www.odeonhotel.fr/es/restaurantes-y-comida/la-cuisine-de-philippe/" target="_self"  ><img decoding="async" width="1920" height="965" src="https://www.odeonhotel.fr/wp-content/uploads/2016/05/Marco-polo.jpg" class="attachment-post-thumbnail size-post-thumbnail wp-post-image" alt="Marco Polo" style="object-fit:cover;" srcset="https://www.odeonhotel.fr/wp-content/uploads/2016/05/Marco-polo.jpg 1920w, https://www.odeonhotel.fr/wp-content/uploads/2016/05/Marco-polo-300x151.jpg 300w, https://www.odeonhotel.fr/wp-content/uploads/2016/05/Marco-polo-1024x515.jpg 1024w, https://www.odeonhotel.fr/wp-content/uploads/2016/05/Marco-polo-768x386.jpg 768w, https://www.odeonhotel.fr/wp-content/uploads/2016/05/Marco-polo-1536x772.jpg 1536w" sizes="(max-width: 1920px) 100vw, 1920px" title=""><span class="wp-block-post-featured-image__overlay has-background-dim has-background-dim-10" style="" aria-hidden="true"></span></a></figure>

<h2 class="has-text-align-center has-link-color wp-elements-ec4dad56195e23fcce3ffc0f4f79024b wp-block-post-title has-medium-font-size"><a href="https://www.odeonhotel.fr/es/restaurantes-y-comida/la-cuisine-de-philippe/" target="_self" >Marco Polo</a></h2>
</li><li class="wp-block-post post-8721 post type-post status-publish format-standard has-post-thumbnail hentry category-restaurantes-y-comida">
<figure class="bordure-doree hover-zoom wp-block-post-featured-image"><a href="https://www.odeonhotel.fr/es/restaurantes-y-comida/chez-fernand/" target="_self"  ><img decoding="async" width="1920" height="965" src="https://www.odeonhotel.fr/wp-content/uploads/2016/05/PROCOPE.jpg" class="attachment-post-thumbnail size-post-thumbnail wp-post-image" alt="Le Procope" style="object-fit:cover;" srcset="https://www.odeonhotel.fr/wp-content/uploads/2016/05/PROCOPE.jpg 1920w, https://www.odeonhotel.fr/wp-content/uploads/2016/05/PROCOPE-300x151.jpg 300w, https://www.odeonhotel.fr/wp-content/uploads/2016/05/PROCOPE-1024x515.jpg 1024w, https://www.odeonhotel.fr/wp-content/uploads/2016/05/PROCOPE-768x386.jpg 768w, https://www.odeonhotel.fr/wp-content/uploads/2016/05/PROCOPE-1536x772.jpg 1536w" sizes="(max-width: 1920px) 100vw, 1920px" title=""><span class="wp-block-post-featured-image__overlay has-background-dim has-background-dim-10" style="" aria-hidden="true"></span></a></figure>

<h2 class="has-text-align-center has-link-color wp-elements-ec4dad56195e23fcce3ffc0f4f79024b wp-block-post-title has-medium-font-size"><a href="https://www.odeonhotel.fr/es/restaurantes-y-comida/chez-fernand/" target="_self" >Le Procope</a></h2>
</li><li class="wp-block-post post-8738 post type-post status-publish format-standard has-post-thumbnail hentry category-restaurantes-y-comida">
<figure class="bordure-doree hover-zoom wp-block-post-featured-image"><a href="https://www.odeonhotel.fr/es/restaurantes-y-comida/atelier-rouliere/" target="_self"  ><img decoding="async" width="1920" height="965" src="https://www.odeonhotel.fr/wp-content/uploads/2016/05/VAGENENDE.jpg" class="attachment-post-thumbnail size-post-thumbnail wp-post-image" alt="Vagenende" style="object-fit:cover;" srcset="https://www.odeonhotel.fr/wp-content/uploads/2016/05/VAGENENDE.jpg 1920w, https://www.odeonhotel.fr/wp-content/uploads/2016/05/VAGENENDE-300x151.jpg 300w, https://www.odeonhotel.fr/wp-content/uploads/2016/05/VAGENENDE-1024x515.jpg 1024w, https://www.odeonhotel.fr/wp-content/uploads/2016/05/VAGENENDE-768x386.jpg 768w, https://www.odeonhotel.fr/wp-content/uploads/2016/05/VAGENENDE-1536x772.jpg 1536w" sizes="(max-width: 1920px) 100vw, 1920px" title=""><span class="wp-block-post-featured-image__overlay has-background-dim has-background-dim-10" style="" aria-hidden="true"></span></a></figure>

<h2 class="has-text-align-center has-link-color wp-elements-ec4dad56195e23fcce3ffc0f4f79024b wp-block-post-title has-medium-font-size"><a href="https://www.odeonhotel.fr/es/restaurantes-y-comida/atelier-rouliere/" target="_self" >Vagenende</a></h2>
</li></ul>

</div>

<p>Embárquese en un viaje culinario por París, donde le espera un mundo de delicias gastronómicas. Desde restaurantes con estrellas Michelin hasta encantadores bistrós y cafés de moda, la ciudad ofrece un variado panorama gastronómico. Deléitese con la exquisita cocina francesa, saboree deliciosos pasteles y explore sabores internacionales. Los restaurantes parisinos prometen una experiencia epicúrea inolvidable.</p>
