{"id":9067,"date":"2023-05-05T07:34:56","date_gmt":"2023-05-05T05:34:56","guid":{"rendered":"http:\/\/www.laperle.tess5418.odns.fr\/politica-de-privacidad\/"},"modified":"2023-06-13T23:20:36","modified_gmt":"2023-06-13T21:20:36","slug":"politica-de-privacidad","status":"publish","type":"page","link":"https:\/\/www.odeonhotel.fr\/es\/politica-de-privacidad\/","title":{"rendered":"Pol\u00edtica de privacidad"},"content":{"rendered":"\n<h2 class=\"wp-block-heading\">Qui\u00e9nes somos<\/h2>\n\n<p>La direcci\u00f3n de nuestro sitio web es <a href=\"https:\/\/odeon.tess5418.odns.fr\" target=\"_blank\" rel=\"noopener\">http:\/\/www.notredame.paris-hotels-charm.com<\/a><\/p>\n\n<h2 class=\"wp-block-heading\">Datos Personales<\/h2>\n\n<p class=\"has-text-align-justify\">La informaci\u00f3n que nos facilite ser\u00e1 registrada por HOTEL LA PERLE, analizada y remitida a los departamentos correspondientes para su tratamiento. Asimismo, podr\u00e1n ser utilizados por HOTEL LA PERLE con fines comerciales. <br\/>Si no lo desea, le rogamos que nos lo comunique por escrito a la direcci\u00f3n indicada m\u00e1s abajo. Usted dispone de un derecho de acceso, modificaci\u00f3n, rectificaci\u00f3n y supresi\u00f3n de los datos recogidos en este sitio, de conformidad con la ley francesa n\u00ba 78-17 de 6 de enero de 1978 relativa a la inform\u00e1tica, a los ficheros y a las libertades. Para ejercer este derecho, dir\u00edjase por escrito al responsable del sitio web, a la siguiente direcci\u00f3n 14 RUE DES CANETTES, 75006 Par\u00eds.  <\/p>\n\n<h2 class=\"wp-block-heading\">Ley de protecci\u00f3n de datos<\/h2>\n\n<p class=\"has-text-align-justify\">De conformidad con la Ley francesa de Inform\u00e1tica y Libertades, usted dispone de un derecho de acceso, modificaci\u00f3n, rectificaci\u00f3n y supresi\u00f3n de los datos personales que le conciernen (art\u00edculo 394 de la Ley francesa de Inform\u00e1tica y Libertades de 6 de enero de 1978, modificada en agosto de 2004).<\/p>\n\n<h2 class=\"wp-block-heading\">Acceso al sitio<\/h2>\n\n<p class=\"has-text-align-justify\">Se recuerda que acceder o permanecer de forma fraudulenta en un sistema inform\u00e1tico, obstaculizar o distorsionar el funcionamiento de dicho sistema, o introducir o modificar de forma fraudulenta datos en un sistema inform\u00e1tico constituyen infracciones sancionadas penalmente.<\/p>\n\n<h2 class=\"wp-block-heading\">Contenido incrustado de otros sitios web<\/h2>\n\n<p class=\"has-text-align-justify\">Los art\u00edculos de este sitio pueden incluir contenido incrustado (por ejemplo, v\u00eddeos, im\u00e1genes, art\u00edculos, etc.). El contenido incrustado de otros sitios web se comporta exactamente igual que si el visitante hubiera visitado el otro sitio web. <\/p>\n\n<p class=\"has-text-align-justify\">Estos sitios web pueden recopilar datos sobre usted, utilizar cookies, incrustar seguimiento adicional de terceros y supervisar su interacci\u00f3n con ese contenido incrustado, incluido el seguimiento de su interacci\u00f3n con el contenido incrustado si tiene una cuenta y ha iniciado sesi\u00f3n en ese sitio web.<\/p>\n\n<h2 class=\"wp-block-heading\">Propiedad Intelectual<\/h2>\n\n<p class=\"has-text-align-justify\">L&#8217;HOTEL LA PERLE es el propietario, o titular de los derechos, de todos los elementos que componen este sitio, en particular los datos, dibujos, gr\u00e1ficos, fotos y bandas sonoras. Cualquier reproducci\u00f3n, representaci\u00f3n, distribuci\u00f3n o redistribuci\u00f3n, total o parcial, del contenido de este sitio por cualquier procedimiento sin la autorizaci\u00f3n expresa y previa de L&#8217;HOTEL LA PERLE est\u00e1 prohibida y constituye una infracci\u00f3n sancionada por el C\u00f3digo de la Propiedad Intelectual franc\u00e9s. <\/p>\n\n<h2 class=\"wp-block-heading\">Contenido de la web<\/h2>\n\n<p class=\"has-text-align-justify\">Nos reservamos el derecho de corregir el contenido de este sitio en cualquier momento y sin previo aviso.<br\/>Adem\u00e1s, declinamos toda responsabilidad en caso de retrasos, errores u omisiones en el contenido de las presentes p\u00e1ginas, as\u00ed como en caso de interrupci\u00f3n o indisponibilidad del servicio.<\/p>\n\n<h2 class=\"wp-block-heading\">Tratamiento automatizado de datos de car\u00e1cter personal<\/h2>\n\n<p class=\"has-text-align-justify\">HOTEL LA PERLE no recoge ninguna informaci\u00f3n nominativa o personal sobre los visitantes de su sitio, salvo la que se facilita abierta y voluntariamente, en particular a trav\u00e9s de las direcciones de correo electr\u00f3nico de sus corresponsales.<\/p>\n\n<h2 class=\"wp-block-heading\">Enlaces hipertexto<\/h2>\n\n<p class=\"has-text-align-justify\">El sitio de L&#8217;HOTEL LA PERLE contiene enlaces de hipertexto hacia sitios que no son publicados por L&#8217;HOTEL LA PERLE. Por consiguiente, L&#8217;HOTEL LA PERLE no se hace responsable del contenido de los sitios a los que se acceda de este modo. <\/p>\n\n<h2 class=\"wp-block-heading\">Cookies<\/h2>\n\n<p class=\"has-text-align-justify\">Se informa a los usuarios de que, cuando visitan el sitio, puede instalarse autom\u00e1ticamente una cookie que se almacena temporalmente en su memoria o en su disco duro. Una cookie es un elemento que no permite identificar al usuario, pero que se utiliza para registrar informaci\u00f3n relativa a su navegaci\u00f3n por el sitio web. Los usuarios del sitio reconocen haber sido informados de esta pr\u00e1ctica y autorizan a L&#8217;HOTEL LA PERLE a utilizarla. Podr\u00e1n desactivar esta cookie a trav\u00e9s de la configuraci\u00f3n de su navegador.   <\/p>\n\n<h2 class=\"wp-block-heading\">Condiciones generales de venta<\/h2>\n\n<p class=\"has-text-align-justify\">De conformidad con el art\u00edculo L. 121-21-8 12\u00b0 del C\u00f3digo de Consumo franc\u00e9s, se recuerda a los clientes que no disponen del derecho de retractaci\u00f3n previsto en el art\u00edculo L. 121-21 del C\u00f3digo de Consumo franc\u00e9s. Las condiciones de venta de la tarifa reservada precisan las modalidades de anulaci\u00f3n y\/o modificaci\u00f3n de la reserva. <\/p>\n\n<h2 class=\"wp-block-heading\">Mediator<\/h2>\n\n<p class=\"has-text-align-justify\">Si no ha recibido una respuesta satisfactoria en el plazo de 1 mes tras ponerse en contacto con el servicio de atenci\u00f3n al cliente, puede remitir el asunto al M\u00e9diateur du Tourisme et du Voyage (Mediador de Turismo y Viajes), cuyos datos de contacto y procedimientos est\u00e1n disponibles en su p\u00e1gina web: www.mtv.travel.<\/p>\n","protected":false},"excerpt":{"rendered":"<p>Qui\u00e9nes somos La direcci\u00f3n de nuestro sitio web es http:\/\/www.notredame.paris-hotels-charm.com Datos Personales La informaci\u00f3n que nos facilite ser\u00e1 registrada por HOTEL LA PERLE, analizada y remitida a los departamentos correspondientes para su tratamiento. Asimismo, podr\u00e1n ser utilizados por HOTEL LA PERLE con fines comerciales. Si no lo desea, le rogamos que nos lo comunique por [&hellip;]<\/p>\n","protected":false},"author":1,"featured_media":0,"parent":0,"menu_order":0,"comment_status":"closed","ping_status":"closed","template":"wp-custom-template-le-template-des-pages-2023","meta":{"footnotes":""},"class_list":["post-9067","page","type-page","status-publish","hentry"],"_links":{"self":[{"href":"https:\/\/www.odeonhotel.fr\/es\/wp-json\/wp\/v2\/pages\/9067","targetHints":{"allow":["GET"]}}],"collection":[{"href":"https:\/\/www.odeonhotel.fr\/es\/wp-json\/wp\/v2\/pages"}],"about":[{"href":"https:\/\/www.odeonhotel.fr\/es\/wp-json\/wp\/v2\/types\/page"}],"author":[{"embeddable":true,"href":"https:\/\/www.odeonhotel.fr\/es\/wp-json\/wp\/v2\/users\/1"}],"replies":[{"embeddable":true,"href":"https:\/\/www.odeonhotel.fr\/es\/wp-json\/wp\/v2\/comments?post=9067"}],"version-history":[{"count":0,"href":"https:\/\/www.odeonhotel.fr\/es\/wp-json\/wp\/v2\/pages\/9067\/revisions"}],"wp:attachment":[{"href":"https:\/\/www.odeonhotel.fr\/es\/wp-json\/wp\/v2\/media?parent=9067"}],"curies":[{"name":"wp","href":"https:\/\/api.w.org\/{rel}","templated":true}]}}

Política de privacidad

<h2 class="wp-block-heading">Quiénes somos</h2>

<p>La dirección de nuestro sitio web es <a href="https://odeon.tess5418.odns.fr" target="_blank" rel="noopener">http://www.notredame.paris-hotels-charm.com</a></p>

<h2 class="wp-block-heading">Datos Personales</h2>

<p class="has-text-align-justify">La información que nos facilite será registrada por HOTEL LA PERLE, analizada y remitida a los departamentos correspondientes para su tratamiento. Asimismo, podrán ser utilizados por HOTEL LA PERLE con fines comerciales. <br/>Si no lo desea, le rogamos que nos lo comunique por escrito a la dirección indicada más abajo. Usted dispone de un derecho de acceso, modificación, rectificación y supresión de los datos recogidos en este sitio, de conformidad con la ley francesa nº 78-17 de 6 de enero de 1978 relativa a la informática, a los ficheros y a las libertades. Para ejercer este derecho, diríjase por escrito al responsable del sitio web, a la siguiente dirección 14 RUE DES CANETTES, 75006 París.  </p>

<h2 class="wp-block-heading">Ley de protección de datos</h2>

<p class="has-text-align-justify">De conformidad con la Ley francesa de Informática y Libertades, usted dispone de un derecho de acceso, modificación, rectificación y supresión de los datos personales que le conciernen (artículo 394 de la Ley francesa de Informática y Libertades de 6 de enero de 1978, modificada en agosto de 2004).</p>

<h2 class="wp-block-heading">Acceso al sitio</h2>

<p class="has-text-align-justify">Se recuerda que acceder o permanecer de forma fraudulenta en un sistema informático, obstaculizar o distorsionar el funcionamiento de dicho sistema, o introducir o modificar de forma fraudulenta datos en un sistema informático constituyen infracciones sancionadas penalmente.</p>

<h2 class="wp-block-heading">Contenido incrustado de otros sitios web</h2>

<p class="has-text-align-justify">Los artículos de este sitio pueden incluir contenido incrustado (por ejemplo, vídeos, imágenes, artículos, etc.). El contenido incrustado de otros sitios web se comporta exactamente igual que si el visitante hubiera visitado el otro sitio web. </p>

<p class="has-text-align-justify">Estos sitios web pueden recopilar datos sobre usted, utilizar cookies, incrustar seguimiento adicional de terceros y supervisar su interacción con ese contenido incrustado, incluido el seguimiento de su interacción con el contenido incrustado si tiene una cuenta y ha iniciado sesión en ese sitio web.</p>

<h2 class="wp-block-heading">Propiedad Intelectual</h2>

<p class="has-text-align-justify">L&#8217;HOTEL LA PERLE es el propietario, o titular de los derechos, de todos los elementos que componen este sitio, en particular los datos, dibujos, gráficos, fotos y bandas sonoras. Cualquier reproducción, representación, distribución o redistribución, total o parcial, del contenido de este sitio por cualquier procedimiento sin la autorización expresa y previa de L&#8217;HOTEL LA PERLE está prohibida y constituye una infracción sancionada por el Código de la Propiedad Intelectual francés. </p>

<h2 class="wp-block-heading">Contenido de la web</h2>

<p class="has-text-align-justify">Nos reservamos el derecho de corregir el contenido de este sitio en cualquier momento y sin previo aviso.<br/>Además, declinamos toda responsabilidad en caso de retrasos, errores u omisiones en el contenido de las presentes páginas, así como en caso de interrupción o indisponibilidad del servicio.</p>

<h2 class="wp-block-heading">Tratamiento automatizado de datos de carácter personal</h2>

<p class="has-text-align-justify">HOTEL LA PERLE no recoge ninguna información nominativa o personal sobre los visitantes de su sitio, salvo la que se facilita abierta y voluntariamente, en particular a través de las direcciones de correo electrónico de sus corresponsales.</p>

<h2 class="wp-block-heading">Enlaces hipertexto</h2>

<p class="has-text-align-justify">El sitio de L&#8217;HOTEL LA PERLE contiene enlaces de hipertexto hacia sitios que no son publicados por L&#8217;HOTEL LA PERLE. Por consiguiente, L&#8217;HOTEL LA PERLE no se hace responsable del contenido de los sitios a los que se acceda de este modo. </p>

<h2 class="wp-block-heading">Cookies</h2>

<p class="has-text-align-justify">Se informa a los usuarios de que, cuando visitan el sitio, puede instalarse automáticamente una cookie que se almacena temporalmente en su memoria o en su disco duro. Una cookie es un elemento que no permite identificar al usuario, pero que se utiliza para registrar información relativa a su navegación por el sitio web. Los usuarios del sitio reconocen haber sido informados de esta práctica y autorizan a L&#8217;HOTEL LA PERLE a utilizarla. Podrán desactivar esta cookie a través de la configuración de su navegador.   </p>

<h2 class="wp-block-heading">Condiciones generales de venta</h2>

<p class="has-text-align-justify">De conformidad con el artículo L. 121-21-8 12° del Código de Consumo francés, se recuerda a los clientes que no disponen del derecho de retractación previsto en el artículo L. 121-21 del Código de Consumo francés. Las condiciones de venta de la tarifa reservada precisan las modalidades de anulación y/o modificación de la reserva. </p>

<h2 class="wp-block-heading">Mediator</h2>

<p class="has-text-align-justify">Si no ha recibido una respuesta satisfactoria en el plazo de 1 mes tras ponerse en contacto con el servicio de atención al cliente, puede remitir el asunto al Médiateur du Tourisme et du Voyage (Mediador de Turismo y Viajes), cuyos datos de contacto y procedimientos están disponibles en su página web: www.mtv.travel.</p>

<p>Quiénes somos La dirección de nuestro sitio web es http://www.notredame.paris-hotels-charm.com Datos Personales La información que nos facilite será registrada por HOTEL LA PERLE, analizada y remitida a los departamentos correspondientes para su tratamiento. Asimismo, podrán ser utilizados por HOTEL LA PERLE con fines comerciales. Si no lo desea, le rogamos que nos lo comunique por [&hellip;]</p>
