{"id":8373,"date":"2023-05-05T07:34:56","date_gmt":"2023-05-05T05:34:56","guid":{"rendered":"http:\/\/www.laperle.tess5418.odns.fr\/informativa-sulla-privacy\/"},"modified":"2023-06-29T23:06:32","modified_gmt":"2023-06-29T21:06:32","slug":"informativa-sulla-privacy","status":"publish","type":"page","link":"https:\/\/www.odeonhotel.fr\/it\/informativa-sulla-privacy\/","title":{"rendered":"Informativa sulla privacy"},"content":{"rendered":"\n<h2 class=\"wp-block-heading\">Chi siamo<\/h2>\n\n<p>L&#8217;indirizzo del nostro sito web \u00e8: <a href=\"https:\/\/odeon.tess5418.odns.fr\" target=\"_blank\" rel=\"noopener\">http:\/\/www.notredame.paris-hotels-charm.com<\/a><\/p>\n\n<h2 class=\"wp-block-heading\">Dati personali<\/h2>\n\n<p class=\"has-text-align-justify\">Le informazioni fornite saranno registrate dall&#8217;HOTEL LA PERLE, analizzate e trasmesse ai reparti competenti per l&#8217;elaborazione. Pu\u00f2 anche essere utilizzato dall&#8217;HOTEL LA PERLE per scopi commerciali.<br\/>Se non lo desiderate, vi preghiamo di comunicarcelo scrivendo all&#8217;indirizzo indicato di seguito. L&#8217;utente ha il diritto di accedere, modificare, rettificare e cancellare i dati raccolti su questo sito, in conformit\u00e0 con la legge francese sulla protezione dei dati n. 78-17 del 6 gennaio 1978. Per esercitare questo diritto, scrivere al responsabile del sito al seguente indirizzo: 14 RUE DES CANETTES, 75006 Parigi.<\/p>\n\n<h2 class=\"wp-block-heading\">Legge sulla protezione dei dati<\/h2>\n\n<p class=\"has-text-align-justify\">Ai sensi della legge francese sulla protezione dei dati (Loi Informatique et Libert\u00e9s), l&#8217;utente ha il diritto di accedere, modificare, rettificare e cancellare i dati personali che lo riguardano (articolo 394 della legge francese sulla protezione dei dati del 6 gennaio 1978, modificata nell&#8217;agosto 2004).<\/p>\n\n<h2 class=\"wp-block-heading\">Accesso al sito<\/h2>\n\n<p class=\"has-text-align-justify\">Si ricorda che l&#8217;accesso o la permanenza fraudolenta in un sistema informatico, l&#8217;ostacolo o la distorsione del funzionamento di tale sistema, l&#8217;introduzione o la modifica fraudolenta di dati in un sistema informatico costituiscono reati passibili di sanzioni penali.<\/p>\n\n<h2 class=\"wp-block-heading\">Contenuti incorporati da altri siti web<\/h2>\n\n<p class=\"has-text-align-justify\">Gli articoli di questo sito possono includere contenuti incorporati (ad esempio, video, immagini, articoli, ecc.). I contenuti incorporati di altri siti web si comportano esattamente come se il visitatore avesse visitato l&#8217;altro sito web.<\/p>\n\n<p class=\"has-text-align-justify\">Questi siti web possono raccogliere dati sull&#8217;utente, utilizzare cookie, incorporare un ulteriore tracciamento di terze parti e monitorare l&#8217;interazione dell&#8217;utente con il contenuto incorporato, compreso il tracciamento dell&#8217;interazione dell&#8217;utente con il contenuto incorporato se dispone di un account e ha effettuato l&#8217;accesso al sito web in questione.<\/p>\n\n<h2 class=\"wp-block-heading\">Propriet\u00e0 intellettuale<\/h2>\n\n<p class=\"has-text-align-justify\">L&#8217;HOTEL LA PERLE \u00e8 proprietario, o detentore dei diritti, di tutti gli elementi che compongono questo sito, in particolare dati, disegni, grafici, foto e colonne sonore. La riproduzione, la rappresentazione, la distribuzione o la ridistribuzione, totale o parziale, del contenuto di questo sito con qualsiasi procedimento senza l&#8217;espressa autorizzazione di L&#8217;HOTEL LA PERLE \u00e8 vietata e costituisce una violazione punibile ai sensi del Codice della Propriet\u00e0 Intellettuale francese.<\/p>\n\n<h2 class=\"wp-block-heading\">Contenuto del sito<\/h2>\n\n<p class=\"has-text-align-justify\">Ci riserviamo il diritto di correggere il contenuto di questo sito in qualsiasi momento e senza preavviso.<br\/>Inoltre, decliniamo ogni responsabilit\u00e0 in caso di ritardi, errori o omissioni nel contenuto delle presenti pagine, nonch\u00e9 in caso di interruzione o indisponibilit\u00e0 del servizio.<\/p>\n\n<h2 class=\"wp-block-heading\">Trattamento automatico dei dati personali<\/h2>\n\n<p class=\"has-text-align-justify\">L&#8217;HOTEL LA PERLE non raccoglie informazioni nominative o personali sui visitatori del suo sito, se non quelle fornite apertamente e volontariamente, in particolare attraverso gli indirizzi e-mail dei suoi corrispondenti.<\/p>\n\n<h2 class=\"wp-block-heading\">Collegamenti ipertestuali<\/h2>\n\n<p class=\"has-text-align-justify\">Il sito L&#8217;HOTEL LA PERLE contiene collegamenti ipertestuali a siti che non sono pubblicati da L&#8217;HOTEL LA PERLE. Di conseguenza, L&#8217;HOTEL LA PERLE non pu\u00f2 essere ritenuto responsabile del contenuto dei siti a cui si accede in questo modo.<\/p>\n\n<h2 class=\"wp-block-heading\">Cookies<\/h2>\n\n<p class=\"has-text-align-justify\">Gli utenti sono informati che quando visitano il sito, un cookie pu\u00f2 essere automaticamente installato e memorizzato temporaneamente nella loro memoria o sul loro disco rigido. Un cookie \u00e8 un elemento che non consente di identificare l&#8217;utente, ma viene utilizzato per registrare informazioni relative alla navigazione dell&#8217;utente sul sito web. Gli utenti del sito riconoscono di essere stati informati di questa prassi e autorizzano L&#8217;HOTEL LA PERLE a utilizzarla. L&#8217;utente potr\u00e0 disattivare questo cookie tramite le impostazioni del proprio browser.<\/p>\n\n<h2 class=\"wp-block-heading\">Condizioni generali di vendita<\/h2>\n\n<p class=\"has-text-align-justify\">Ai sensi dell&#8217;articolo L. 121-21-8 12\u00b0 del Codice del Consumo francese, si ricorda ai clienti che non dispongono del diritto di recesso previsto dall&#8217;articolo L. 121-21 del Codice del Consumo francese. Le Condizioni di vendita della tariffa prenotata specificano i termini e le condizioni per l&#8217;annullamento e\/o la modifica della prenotazione.<\/p>\n\n<h2 class=\"wp-block-heading\">Mediatore<\/h2>\n\n<p class=\"has-text-align-justify\">If you have not received a satisfactory reply within 1 month of contacting customer service, you may refer the matter to the M\u00e9diateur du Tourisme et du Voyage (Tourism and Travel Ombudsman), whose contact details and procedures are available on its website: www.mtv.travel.<\/p>\n","protected":false},"excerpt":{"rendered":"<p>Chi siamo L&#8217;indirizzo del nostro sito web \u00e8: http:\/\/www.notredame.paris-hotels-charm.com Dati personali Le informazioni fornite saranno registrate dall&#8217;HOTEL LA PERLE, analizzate e trasmesse ai reparti competenti per l&#8217;elaborazione. Pu\u00f2 anche essere utilizzato dall&#8217;HOTEL LA PERLE per scopi commerciali.Se non lo desiderate, vi preghiamo di comunicarcelo scrivendo all&#8217;indirizzo indicato di seguito. L&#8217;utente ha il diritto di accedere, [&hellip;]<\/p>\n","protected":false},"author":2,"featured_media":0,"parent":0,"menu_order":0,"comment_status":"closed","ping_status":"closed","template":"wp-custom-template-le-template-des-pages-2023","meta":{"footnotes":""},"class_list":["post-8373","page","type-page","status-publish","hentry"],"_links":{"self":[{"href":"https:\/\/www.odeonhotel.fr\/it\/wp-json\/wp\/v2\/pages\/8373","targetHints":{"allow":["GET"]}}],"collection":[{"href":"https:\/\/www.odeonhotel.fr\/it\/wp-json\/wp\/v2\/pages"}],"about":[{"href":"https:\/\/www.odeonhotel.fr\/it\/wp-json\/wp\/v2\/types\/page"}],"author":[{"embeddable":true,"href":"https:\/\/www.odeonhotel.fr\/it\/wp-json\/wp\/v2\/users\/2"}],"replies":[{"embeddable":true,"href":"https:\/\/www.odeonhotel.fr\/it\/wp-json\/wp\/v2\/comments?post=8373"}],"version-history":[{"count":0,"href":"https:\/\/www.odeonhotel.fr\/it\/wp-json\/wp\/v2\/pages\/8373\/revisions"}],"wp:attachment":[{"href":"https:\/\/www.odeonhotel.fr\/it\/wp-json\/wp\/v2\/media?parent=8373"}],"curies":[{"name":"wp","href":"https:\/\/api.w.org\/{rel}","templated":true}]}}

<h2 class="wp-block-heading">Chi siamo</h2>

<p>L&#8217;indirizzo del nostro sito web è: <a href="https://odeon.tess5418.odns.fr" target="_blank" rel="noopener">http://www.notredame.paris-hotels-charm.com</a></p>

<h2 class="wp-block-heading">Dati personali</h2>

<p class="has-text-align-justify">Le informazioni fornite saranno registrate dall&#8217;HOTEL LA PERLE, analizzate e trasmesse ai reparti competenti per l&#8217;elaborazione. Può anche essere utilizzato dall&#8217;HOTEL LA PERLE per scopi commerciali.<br/>Se non lo desiderate, vi preghiamo di comunicarcelo scrivendo all&#8217;indirizzo indicato di seguito. L&#8217;utente ha il diritto di accedere, modificare, rettificare e cancellare i dati raccolti su questo sito, in conformità con la legge francese sulla protezione dei dati n. 78-17 del 6 gennaio 1978. Per esercitare questo diritto, scrivere al responsabile del sito al seguente indirizzo: 14 RUE DES CANETTES, 75006 Parigi.</p>

<h2 class="wp-block-heading">Legge sulla protezione dei dati</h2>

<p class="has-text-align-justify">Ai sensi della legge francese sulla protezione dei dati (Loi Informatique et Libertés), l&#8217;utente ha il diritto di accedere, modificare, rettificare e cancellare i dati personali che lo riguardano (articolo 394 della legge francese sulla protezione dei dati del 6 gennaio 1978, modificata nell&#8217;agosto 2004).</p>

<h2 class="wp-block-heading">Accesso al sito</h2>

<p class="has-text-align-justify">Si ricorda che l&#8217;accesso o la permanenza fraudolenta in un sistema informatico, l&#8217;ostacolo o la distorsione del funzionamento di tale sistema, l&#8217;introduzione o la modifica fraudolenta di dati in un sistema informatico costituiscono reati passibili di sanzioni penali.</p>

<h2 class="wp-block-heading">Contenuti incorporati da altri siti web</h2>

<p class="has-text-align-justify">Gli articoli di questo sito possono includere contenuti incorporati (ad esempio, video, immagini, articoli, ecc.). I contenuti incorporati di altri siti web si comportano esattamente come se il visitatore avesse visitato l&#8217;altro sito web.</p>

<p class="has-text-align-justify">Questi siti web possono raccogliere dati sull&#8217;utente, utilizzare cookie, incorporare un ulteriore tracciamento di terze parti e monitorare l&#8217;interazione dell&#8217;utente con il contenuto incorporato, compreso il tracciamento dell&#8217;interazione dell&#8217;utente con il contenuto incorporato se dispone di un account e ha effettuato l&#8217;accesso al sito web in questione.</p>

<h2 class="wp-block-heading">Proprietà intellettuale</h2>

<p class="has-text-align-justify">L&#8217;HOTEL LA PERLE è proprietario, o detentore dei diritti, di tutti gli elementi che compongono questo sito, in particolare dati, disegni, grafici, foto e colonne sonore. La riproduzione, la rappresentazione, la distribuzione o la ridistribuzione, totale o parziale, del contenuto di questo sito con qualsiasi procedimento senza l&#8217;espressa autorizzazione di L&#8217;HOTEL LA PERLE è vietata e costituisce una violazione punibile ai sensi del Codice della Proprietà Intellettuale francese.</p>

<h2 class="wp-block-heading">Contenuto del sito</h2>

<p class="has-text-align-justify">Ci riserviamo il diritto di correggere il contenuto di questo sito in qualsiasi momento e senza preavviso.<br/>Inoltre, decliniamo ogni responsabilità in caso di ritardi, errori o omissioni nel contenuto delle presenti pagine, nonché in caso di interruzione o indisponibilità del servizio.</p>

<h2 class="wp-block-heading">Trattamento automatico dei dati personali</h2>

<p class="has-text-align-justify">L&#8217;HOTEL LA PERLE non raccoglie informazioni nominative o personali sui visitatori del suo sito, se non quelle fornite apertamente e volontariamente, in particolare attraverso gli indirizzi e-mail dei suoi corrispondenti.</p>

<h2 class="wp-block-heading">Collegamenti ipertestuali</h2>

<p class="has-text-align-justify">Il sito L&#8217;HOTEL LA PERLE contiene collegamenti ipertestuali a siti che non sono pubblicati da L&#8217;HOTEL LA PERLE. Di conseguenza, L&#8217;HOTEL LA PERLE non può essere ritenuto responsabile del contenuto dei siti a cui si accede in questo modo.</p>

<h2 class="wp-block-heading">Cookies</h2>

<p class="has-text-align-justify">Gli utenti sono informati che quando visitano il sito, un cookie può essere automaticamente installato e memorizzato temporaneamente nella loro memoria o sul loro disco rigido. Un cookie è un elemento che non consente di identificare l&#8217;utente, ma viene utilizzato per registrare informazioni relative alla navigazione dell&#8217;utente sul sito web. Gli utenti del sito riconoscono di essere stati informati di questa prassi e autorizzano L&#8217;HOTEL LA PERLE a utilizzarla. L&#8217;utente potrà disattivare questo cookie tramite le impostazioni del proprio browser.</p>

<h2 class="wp-block-heading">Condizioni generali di vendita</h2>

<p class="has-text-align-justify">Ai sensi dell&#8217;articolo L. 121-21-8 12° del Codice del Consumo francese, si ricorda ai clienti che non dispongono del diritto di recesso previsto dall&#8217;articolo L. 121-21 del Codice del Consumo francese. Le Condizioni di vendita della tariffa prenotata specificano i termini e le condizioni per l&#8217;annullamento e/o la modifica della prenotazione.</p>

<h2 class="wp-block-heading">Mediatore</h2>

<p class="has-text-align-justify">If you have not received a satisfactory reply within 1 month of contacting customer service, you may refer the matter to the Médiateur du Tourisme et du Voyage (Tourism and Travel Ombudsman), whose contact details and procedures are available on its website: www.mtv.travel.</p>

<p>Chi siamo L&#8217;indirizzo del nostro sito web è: http://www.notredame.paris-hotels-charm.com Dati personali Le informazioni fornite saranno registrate dall&#8217;HOTEL LA PERLE, analizzate e trasmesse ai reparti competenti per l&#8217;elaborazione. Può anche essere utilizzato dall&#8217;HOTEL LA PERLE per scopi commerciali.Se non lo desiderate, vi preghiamo di comunicarcelo scrivendo all&#8217;indirizzo indicato di seguito. L&#8217;utente ha il diritto di accedere, [&hellip;]</p>
