{"id":8270,"date":"2023-05-21T09:40:07","date_gmt":"2023-05-21T07:40:07","guid":{"rendered":"http:\/\/www.laperle.tess5418.odns.fr\/visitar-paris\/restaurantes\/"},"modified":"2023-10-10T11:44:45","modified_gmt":"2023-10-10T09:44:45","slug":"restaurantes","status":"publish","type":"page","link":"https:\/\/www.odeonhotel.fr\/pt-pt\/visitar-paris\/restaurantes\/","title":{"rendered":"Restaurantes"},"content":{"rendered":"\n<p class=\"has-text-align-justify\">Embarque em uma jornada culin\u00e1ria em Paris, onde um mundo de del\u00edcias gastron\u00f4micas o aguarda. De restaurantes com estrelas Michelin a bistr\u00f4s charmosos e caf\u00e9s da moda, a cidade oferece um cen\u00e1rio gastron\u00f4mico diversificado. Delicie-se com a requintada culin\u00e1ria francesa, saboreie doces deliciosos e explore os sabores internacionais. Os restaurantes parisienses prometem uma experi\u00eancia epicurista inesquec\u00edvel. <\/p>\n\n<div class=\"wp-block-query is-layout-flow wp-block-query-is-layout-flow\"><ul class=\"columns-3 wp-block-post-template is-layout-grid wp-container-core-post-template-is-layout-6d3fbd8f wp-block-post-template-is-layout-grid\"><li class=\"wp-block-post post-8648 post type-post status-publish format-standard has-post-thumbnail hentry category-restaurantes-pt\">\n<figure class=\"bordure-doree image-zoom wp-block-post-featured-image\"><a href=\"https:\/\/www.odeonhotel.fr\/pt-pt\/restaurantes-pt\/la-mediterranee\/\" target=\"_self\"  ><img decoding=\"async\" width=\"1920\" height=\"965\" src=\"https:\/\/www.odeonhotel.fr\/wp-content\/uploads\/2016\/05\/LES-EDITEURS.jpg\" class=\"attachment-post-thumbnail size-post-thumbnail wp-post-image\" alt=\"Les Editeurs\" style=\"object-fit:cover;\" srcset=\"https:\/\/www.odeonhotel.fr\/wp-content\/uploads\/2016\/05\/LES-EDITEURS.jpg 1920w, https:\/\/www.odeonhotel.fr\/wp-content\/uploads\/2016\/05\/LES-EDITEURS-300x151.jpg 300w, https:\/\/www.odeonhotel.fr\/wp-content\/uploads\/2016\/05\/LES-EDITEURS-1024x515.jpg 1024w, https:\/\/www.odeonhotel.fr\/wp-content\/uploads\/2016\/05\/LES-EDITEURS-768x386.jpg 768w, https:\/\/www.odeonhotel.fr\/wp-content\/uploads\/2016\/05\/LES-EDITEURS-1536x772.jpg 1536w\" sizes=\"(max-width: 1920px) 100vw, 1920px\" title=\"\"><span class=\"wp-block-post-featured-image__overlay has-background-dim has-background-dim-10\" style=\"\" aria-hidden=\"true\"><\/span><\/a><\/figure>\n\n<h2 class=\"has-text-align-center has-link-color wp-elements-ec4dad56195e23fcce3ffc0f4f79024b wp-block-post-title has-medium-font-size\"><a href=\"https:\/\/www.odeonhotel.fr\/pt-pt\/restaurantes-pt\/la-mediterranee\/\" target=\"_self\" >Les Editeurs<\/a><\/h2>\n<\/li><li class=\"wp-block-post post-8668 post type-post status-publish format-standard has-post-thumbnail hentry category-restaurantes-pt\">\n<figure class=\"bordure-doree image-zoom wp-block-post-featured-image\"><a href=\"https:\/\/www.odeonhotel.fr\/pt-pt\/restaurantes-pt\/vagenende\/\" target=\"_self\"  ><img decoding=\"async\" width=\"1920\" height=\"965\" src=\"https:\/\/www.odeonhotel.fr\/wp-content\/uploads\/2016\/05\/COMPTOIR-DU-RELAIS.jpg\" class=\"attachment-post-thumbnail size-post-thumbnail wp-post-image\" alt=\"Le comptoir du relais\" style=\"object-fit:cover;\" srcset=\"https:\/\/www.odeonhotel.fr\/wp-content\/uploads\/2016\/05\/COMPTOIR-DU-RELAIS.jpg 1920w, https:\/\/www.odeonhotel.fr\/wp-content\/uploads\/2016\/05\/COMPTOIR-DU-RELAIS-300x151.jpg 300w, https:\/\/www.odeonhotel.fr\/wp-content\/uploads\/2016\/05\/COMPTOIR-DU-RELAIS-1024x515.jpg 1024w, https:\/\/www.odeonhotel.fr\/wp-content\/uploads\/2016\/05\/COMPTOIR-DU-RELAIS-768x386.jpg 768w, https:\/\/www.odeonhotel.fr\/wp-content\/uploads\/2016\/05\/COMPTOIR-DU-RELAIS-1536x772.jpg 1536w\" sizes=\"(max-width: 1920px) 100vw, 1920px\" title=\"\"><span class=\"wp-block-post-featured-image__overlay has-background-dim has-background-dim-10\" style=\"\" aria-hidden=\"true\"><\/span><\/a><\/figure>\n\n<h2 class=\"has-text-align-center has-link-color wp-elements-ec4dad56195e23fcce3ffc0f4f79024b wp-block-post-title has-medium-font-size\"><a href=\"https:\/\/www.odeonhotel.fr\/pt-pt\/restaurantes-pt\/vagenende\/\" target=\"_self\" >Le comptoir du relais<\/a><\/h2>\n<\/li><li class=\"wp-block-post post-8683 post type-post status-publish format-standard has-post-thumbnail hentry category-restaurantes-pt\">\n<figure class=\"bordure-doree image-zoom wp-block-post-featured-image\"><a href=\"https:\/\/www.odeonhotel.fr\/pt-pt\/restaurantes-pt\/la-cuisine-de-philippe\/\" target=\"_self\"  ><img decoding=\"async\" width=\"1920\" height=\"965\" src=\"https:\/\/www.odeonhotel.fr\/wp-content\/uploads\/2016\/05\/Marco-polo.jpg\" class=\"attachment-post-thumbnail size-post-thumbnail wp-post-image\" alt=\"Marco Polo\" style=\"object-fit:cover;\" srcset=\"https:\/\/www.odeonhotel.fr\/wp-content\/uploads\/2016\/05\/Marco-polo.jpg 1920w, https:\/\/www.odeonhotel.fr\/wp-content\/uploads\/2016\/05\/Marco-polo-300x151.jpg 300w, https:\/\/www.odeonhotel.fr\/wp-content\/uploads\/2016\/05\/Marco-polo-1024x515.jpg 1024w, https:\/\/www.odeonhotel.fr\/wp-content\/uploads\/2016\/05\/Marco-polo-768x386.jpg 768w, https:\/\/www.odeonhotel.fr\/wp-content\/uploads\/2016\/05\/Marco-polo-1536x772.jpg 1536w\" sizes=\"(max-width: 1920px) 100vw, 1920px\" title=\"\"><span class=\"wp-block-post-featured-image__overlay has-background-dim has-background-dim-10\" style=\"\" aria-hidden=\"true\"><\/span><\/a><\/figure>\n\n<h2 class=\"has-text-align-center has-link-color wp-elements-ec4dad56195e23fcce3ffc0f4f79024b wp-block-post-title has-medium-font-size\"><a href=\"https:\/\/www.odeonhotel.fr\/pt-pt\/restaurantes-pt\/la-cuisine-de-philippe\/\" target=\"_self\" >Marco Polo<\/a><\/h2>\n<\/li><li class=\"wp-block-post post-8702 post type-post status-publish format-standard has-post-thumbnail hentry category-restaurantes-pt\">\n<figure class=\"bordure-doree image-zoom wp-block-post-featured-image\"><a href=\"https:\/\/www.odeonhotel.fr\/pt-pt\/restaurantes-pt\/la-maison-du-jardin\/\" target=\"_self\"  ><img decoding=\"async\" width=\"1920\" height=\"965\" src=\"https:\/\/www.odeonhotel.fr\/wp-content\/uploads\/2016\/05\/MEDITERANNEE.jpg\" class=\"attachment-post-thumbnail size-post-thumbnail wp-post-image\" alt=\"La M\u00e9diterran\u00e9e\" style=\"object-fit:cover;\" srcset=\"https:\/\/www.odeonhotel.fr\/wp-content\/uploads\/2016\/05\/MEDITERANNEE.jpg 1920w, https:\/\/www.odeonhotel.fr\/wp-content\/uploads\/2016\/05\/MEDITERANNEE-300x151.jpg 300w, https:\/\/www.odeonhotel.fr\/wp-content\/uploads\/2016\/05\/MEDITERANNEE-1024x515.jpg 1024w, https:\/\/www.odeonhotel.fr\/wp-content\/uploads\/2016\/05\/MEDITERANNEE-768x386.jpg 768w, https:\/\/www.odeonhotel.fr\/wp-content\/uploads\/2016\/05\/MEDITERANNEE-1536x772.jpg 1536w\" sizes=\"(max-width: 1920px) 100vw, 1920px\" title=\"\"><span class=\"wp-block-post-featured-image__overlay has-background-dim has-background-dim-10\" style=\"\" aria-hidden=\"true\"><\/span><\/a><\/figure>\n\n<h2 class=\"has-text-align-center has-link-color wp-elements-ec4dad56195e23fcce3ffc0f4f79024b wp-block-post-title has-medium-font-size\"><a href=\"https:\/\/www.odeonhotel.fr\/pt-pt\/restaurantes-pt\/la-maison-du-jardin\/\" target=\"_self\" >La M\u00e9diterran\u00e9e<\/a><\/h2>\n<\/li><li class=\"wp-block-post post-8719 post type-post status-publish format-standard has-post-thumbnail hentry category-restaurantes-pt\">\n<figure class=\"bordure-doree image-zoom wp-block-post-featured-image\"><a href=\"https:\/\/www.odeonhotel.fr\/pt-pt\/restaurantes-pt\/chez-fernand\/\" target=\"_self\"  ><img decoding=\"async\" width=\"1920\" height=\"965\" src=\"https:\/\/www.odeonhotel.fr\/wp-content\/uploads\/2016\/05\/PROCOPE.jpg\" class=\"attachment-post-thumbnail size-post-thumbnail wp-post-image\" alt=\"Le Procope\" style=\"object-fit:cover;\" srcset=\"https:\/\/www.odeonhotel.fr\/wp-content\/uploads\/2016\/05\/PROCOPE.jpg 1920w, https:\/\/www.odeonhotel.fr\/wp-content\/uploads\/2016\/05\/PROCOPE-300x151.jpg 300w, https:\/\/www.odeonhotel.fr\/wp-content\/uploads\/2016\/05\/PROCOPE-1024x515.jpg 1024w, https:\/\/www.odeonhotel.fr\/wp-content\/uploads\/2016\/05\/PROCOPE-768x386.jpg 768w, https:\/\/www.odeonhotel.fr\/wp-content\/uploads\/2016\/05\/PROCOPE-1536x772.jpg 1536w\" sizes=\"(max-width: 1920px) 100vw, 1920px\" title=\"\"><span class=\"wp-block-post-featured-image__overlay has-background-dim has-background-dim-10\" style=\"\" aria-hidden=\"true\"><\/span><\/a><\/figure>\n\n<h2 class=\"has-text-align-center has-link-color wp-elements-ec4dad56195e23fcce3ffc0f4f79024b wp-block-post-title has-medium-font-size\"><a href=\"https:\/\/www.odeonhotel.fr\/pt-pt\/restaurantes-pt\/chez-fernand\/\" target=\"_self\" >Le Procope<\/a><\/h2>\n<\/li><li class=\"wp-block-post post-8734 post type-post status-publish format-standard has-post-thumbnail hentry category-restaurantes-pt\">\n<figure class=\"bordure-doree image-zoom wp-block-post-featured-image\"><a href=\"https:\/\/www.odeonhotel.fr\/pt-pt\/restaurantes-pt\/atelier-rouliere\/\" target=\"_self\"  ><img decoding=\"async\" width=\"1920\" height=\"965\" src=\"https:\/\/www.odeonhotel.fr\/wp-content\/uploads\/2016\/05\/VAGENENDE.jpg\" class=\"attachment-post-thumbnail size-post-thumbnail wp-post-image\" alt=\"Vagenende\" style=\"object-fit:cover;\" srcset=\"https:\/\/www.odeonhotel.fr\/wp-content\/uploads\/2016\/05\/VAGENENDE.jpg 1920w, https:\/\/www.odeonhotel.fr\/wp-content\/uploads\/2016\/05\/VAGENENDE-300x151.jpg 300w, https:\/\/www.odeonhotel.fr\/wp-content\/uploads\/2016\/05\/VAGENENDE-1024x515.jpg 1024w, https:\/\/www.odeonhotel.fr\/wp-content\/uploads\/2016\/05\/VAGENENDE-768x386.jpg 768w, https:\/\/www.odeonhotel.fr\/wp-content\/uploads\/2016\/05\/VAGENENDE-1536x772.jpg 1536w\" sizes=\"(max-width: 1920px) 100vw, 1920px\" title=\"\"><span class=\"wp-block-post-featured-image__overlay has-background-dim has-background-dim-10\" style=\"\" aria-hidden=\"true\"><\/span><\/a><\/figure>\n\n<h2 class=\"has-text-align-center has-link-color wp-elements-ec4dad56195e23fcce3ffc0f4f79024b wp-block-post-title has-medium-font-size\"><a href=\"https:\/\/www.odeonhotel.fr\/pt-pt\/restaurantes-pt\/atelier-rouliere\/\" target=\"_self\" >Vagenende<\/a><\/h2>\n<\/li><\/ul>\n\n<\/div>\n","protected":false},"excerpt":{"rendered":"<p>Embarque em uma jornada culin\u00e1ria em Paris, onde um mundo de del\u00edcias gastron\u00f4micas o aguarda. De restaurantes com estrelas Michelin a bistr\u00f4s charmosos e caf\u00e9s da moda, a cidade oferece um cen\u00e1rio gastron\u00f4mico diversificado. Delicie-se com a requintada culin\u00e1ria francesa, saboreie doces deliciosos e explore os sabores internacionais. Os restaurantes parisienses prometem uma experi\u00eancia epicurista [&hellip;]<\/p>\n","protected":false},"author":2,"featured_media":7207,"parent":8260,"menu_order":0,"comment_status":"closed","ping_status":"closed","template":"wp-custom-template-le-template-des-chambres","meta":{"footnotes":""},"class_list":["post-8270","page","type-page","status-publish","has-post-thumbnail","hentry"],"_links":{"self":[{"href":"https:\/\/www.odeonhotel.fr\/pt-pt\/wp-json\/wp\/v2\/pages\/8270","targetHints":{"allow":["GET"]}}],"collection":[{"href":"https:\/\/www.odeonhotel.fr\/pt-pt\/wp-json\/wp\/v2\/pages"}],"about":[{"href":"https:\/\/www.odeonhotel.fr\/pt-pt\/wp-json\/wp\/v2\/types\/page"}],"author":[{"embeddable":true,"href":"https:\/\/www.odeonhotel.fr\/pt-pt\/wp-json\/wp\/v2\/users\/2"}],"replies":[{"embeddable":true,"href":"https:\/\/www.odeonhotel.fr\/pt-pt\/wp-json\/wp\/v2\/comments?post=8270"}],"version-history":[{"count":0,"href":"https:\/\/www.odeonhotel.fr\/pt-pt\/wp-json\/wp\/v2\/pages\/8270\/revisions"}],"up":[{"embeddable":true,"href":"https:\/\/www.odeonhotel.fr\/pt-pt\/wp-json\/wp\/v2\/pages\/8260"}],"wp:featuredmedia":[{"embeddable":true,"href":"https:\/\/www.odeonhotel.fr\/pt-pt\/wp-json\/wp\/v2\/media\/7207"}],"wp:attachment":[{"href":"https:\/\/www.odeonhotel.fr\/pt-pt\/wp-json\/wp\/v2\/media?parent=8270"}],"curies":[{"name":"wp","href":"https:\/\/api.w.org\/{rel}","templated":true}]}}

<p class="has-text-align-justify">Embarque em uma jornada culinária em Paris, onde um mundo de delícias gastronômicas o aguarda. De restaurantes com estrelas Michelin a bistrôs charmosos e cafés da moda, a cidade oferece um cenário gastronômico diversificado. Delicie-se com a requintada culinária francesa, saboreie doces deliciosos e explore os sabores internacionais. Os restaurantes parisienses prometem uma experiência epicurista inesquecível. </p>

<div class="wp-block-query is-layout-flow wp-block-query-is-layout-flow"><ul class="columns-3 wp-block-post-template is-layout-grid wp-container-core-post-template-is-layout-6d3fbd8f wp-block-post-template-is-layout-grid"><li class="wp-block-post post-8648 post type-post status-publish format-standard has-post-thumbnail hentry category-restaurantes-pt">
<figure class="bordure-doree image-zoom wp-block-post-featured-image"><a href="https://www.odeonhotel.fr/pt-pt/restaurantes-pt/la-mediterranee/" target="_self"  ><img decoding="async" width="1920" height="965" src="https://www.odeonhotel.fr/wp-content/uploads/2016/05/LES-EDITEURS.jpg" class="attachment-post-thumbnail size-post-thumbnail wp-post-image" alt="Les Editeurs" style="object-fit:cover;" srcset="https://www.odeonhotel.fr/wp-content/uploads/2016/05/LES-EDITEURS.jpg 1920w, https://www.odeonhotel.fr/wp-content/uploads/2016/05/LES-EDITEURS-300x151.jpg 300w, https://www.odeonhotel.fr/wp-content/uploads/2016/05/LES-EDITEURS-1024x515.jpg 1024w, https://www.odeonhotel.fr/wp-content/uploads/2016/05/LES-EDITEURS-768x386.jpg 768w, https://www.odeonhotel.fr/wp-content/uploads/2016/05/LES-EDITEURS-1536x772.jpg 1536w" sizes="(max-width: 1920px) 100vw, 1920px" title=""><span class="wp-block-post-featured-image__overlay has-background-dim has-background-dim-10" style="" aria-hidden="true"></span></a></figure>

<h2 class="has-text-align-center has-link-color wp-elements-ec4dad56195e23fcce3ffc0f4f79024b wp-block-post-title has-medium-font-size"><a href="https://www.odeonhotel.fr/pt-pt/restaurantes-pt/la-mediterranee/" target="_self" >Les Editeurs</a></h2>
</li><li class="wp-block-post post-8668 post type-post status-publish format-standard has-post-thumbnail hentry category-restaurantes-pt">
<figure class="bordure-doree image-zoom wp-block-post-featured-image"><a href="https://www.odeonhotel.fr/pt-pt/restaurantes-pt/vagenende/" target="_self"  ><img decoding="async" width="1920" height="965" src="https://www.odeonhotel.fr/wp-content/uploads/2016/05/COMPTOIR-DU-RELAIS.jpg" class="attachment-post-thumbnail size-post-thumbnail wp-post-image" alt="Le comptoir du relais" style="object-fit:cover;" srcset="https://www.odeonhotel.fr/wp-content/uploads/2016/05/COMPTOIR-DU-RELAIS.jpg 1920w, https://www.odeonhotel.fr/wp-content/uploads/2016/05/COMPTOIR-DU-RELAIS-300x151.jpg 300w, https://www.odeonhotel.fr/wp-content/uploads/2016/05/COMPTOIR-DU-RELAIS-1024x515.jpg 1024w, https://www.odeonhotel.fr/wp-content/uploads/2016/05/COMPTOIR-DU-RELAIS-768x386.jpg 768w, https://www.odeonhotel.fr/wp-content/uploads/2016/05/COMPTOIR-DU-RELAIS-1536x772.jpg 1536w" sizes="(max-width: 1920px) 100vw, 1920px" title=""><span class="wp-block-post-featured-image__overlay has-background-dim has-background-dim-10" style="" aria-hidden="true"></span></a></figure>

<h2 class="has-text-align-center has-link-color wp-elements-ec4dad56195e23fcce3ffc0f4f79024b wp-block-post-title has-medium-font-size"><a href="https://www.odeonhotel.fr/pt-pt/restaurantes-pt/vagenende/" target="_self" >Le comptoir du relais</a></h2>
</li><li class="wp-block-post post-8683 post type-post status-publish format-standard has-post-thumbnail hentry category-restaurantes-pt">
<figure class="bordure-doree image-zoom wp-block-post-featured-image"><a href="https://www.odeonhotel.fr/pt-pt/restaurantes-pt/la-cuisine-de-philippe/" target="_self"  ><img decoding="async" width="1920" height="965" src="https://www.odeonhotel.fr/wp-content/uploads/2016/05/Marco-polo.jpg" class="attachment-post-thumbnail size-post-thumbnail wp-post-image" alt="Marco Polo" style="object-fit:cover;" srcset="https://www.odeonhotel.fr/wp-content/uploads/2016/05/Marco-polo.jpg 1920w, https://www.odeonhotel.fr/wp-content/uploads/2016/05/Marco-polo-300x151.jpg 300w, https://www.odeonhotel.fr/wp-content/uploads/2016/05/Marco-polo-1024x515.jpg 1024w, https://www.odeonhotel.fr/wp-content/uploads/2016/05/Marco-polo-768x386.jpg 768w, https://www.odeonhotel.fr/wp-content/uploads/2016/05/Marco-polo-1536x772.jpg 1536w" sizes="(max-width: 1920px) 100vw, 1920px" title=""><span class="wp-block-post-featured-image__overlay has-background-dim has-background-dim-10" style="" aria-hidden="true"></span></a></figure>

<h2 class="has-text-align-center has-link-color wp-elements-ec4dad56195e23fcce3ffc0f4f79024b wp-block-post-title has-medium-font-size"><a href="https://www.odeonhotel.fr/pt-pt/restaurantes-pt/la-cuisine-de-philippe/" target="_self" >Marco Polo</a></h2>
</li><li class="wp-block-post post-8702 post type-post status-publish format-standard has-post-thumbnail hentry category-restaurantes-pt">
<figure class="bordure-doree image-zoom wp-block-post-featured-image"><a href="https://www.odeonhotel.fr/pt-pt/restaurantes-pt/la-maison-du-jardin/" target="_self"  ><img decoding="async" width="1920" height="965" src="https://www.odeonhotel.fr/wp-content/uploads/2016/05/MEDITERANNEE.jpg" class="attachment-post-thumbnail size-post-thumbnail wp-post-image" alt="La Méditerranée" style="object-fit:cover;" srcset="https://www.odeonhotel.fr/wp-content/uploads/2016/05/MEDITERANNEE.jpg 1920w, https://www.odeonhotel.fr/wp-content/uploads/2016/05/MEDITERANNEE-300x151.jpg 300w, https://www.odeonhotel.fr/wp-content/uploads/2016/05/MEDITERANNEE-1024x515.jpg 1024w, https://www.odeonhotel.fr/wp-content/uploads/2016/05/MEDITERANNEE-768x386.jpg 768w, https://www.odeonhotel.fr/wp-content/uploads/2016/05/MEDITERANNEE-1536x772.jpg 1536w" sizes="(max-width: 1920px) 100vw, 1920px" title=""><span class="wp-block-post-featured-image__overlay has-background-dim has-background-dim-10" style="" aria-hidden="true"></span></a></figure>

<h2 class="has-text-align-center has-link-color wp-elements-ec4dad56195e23fcce3ffc0f4f79024b wp-block-post-title has-medium-font-size"><a href="https://www.odeonhotel.fr/pt-pt/restaurantes-pt/la-maison-du-jardin/" target="_self" >La Méditerranée</a></h2>
</li><li class="wp-block-post post-8719 post type-post status-publish format-standard has-post-thumbnail hentry category-restaurantes-pt">
<figure class="bordure-doree image-zoom wp-block-post-featured-image"><a href="https://www.odeonhotel.fr/pt-pt/restaurantes-pt/chez-fernand/" target="_self"  ><img decoding="async" width="1920" height="965" src="https://www.odeonhotel.fr/wp-content/uploads/2016/05/PROCOPE.jpg" class="attachment-post-thumbnail size-post-thumbnail wp-post-image" alt="Le Procope" style="object-fit:cover;" srcset="https://www.odeonhotel.fr/wp-content/uploads/2016/05/PROCOPE.jpg 1920w, https://www.odeonhotel.fr/wp-content/uploads/2016/05/PROCOPE-300x151.jpg 300w, https://www.odeonhotel.fr/wp-content/uploads/2016/05/PROCOPE-1024x515.jpg 1024w, https://www.odeonhotel.fr/wp-content/uploads/2016/05/PROCOPE-768x386.jpg 768w, https://www.odeonhotel.fr/wp-content/uploads/2016/05/PROCOPE-1536x772.jpg 1536w" sizes="(max-width: 1920px) 100vw, 1920px" title=""><span class="wp-block-post-featured-image__overlay has-background-dim has-background-dim-10" style="" aria-hidden="true"></span></a></figure>

<h2 class="has-text-align-center has-link-color wp-elements-ec4dad56195e23fcce3ffc0f4f79024b wp-block-post-title has-medium-font-size"><a href="https://www.odeonhotel.fr/pt-pt/restaurantes-pt/chez-fernand/" target="_self" >Le Procope</a></h2>
</li><li class="wp-block-post post-8734 post type-post status-publish format-standard has-post-thumbnail hentry category-restaurantes-pt">
<figure class="bordure-doree image-zoom wp-block-post-featured-image"><a href="https://www.odeonhotel.fr/pt-pt/restaurantes-pt/atelier-rouliere/" target="_self"  ><img decoding="async" width="1920" height="965" src="https://www.odeonhotel.fr/wp-content/uploads/2016/05/VAGENENDE.jpg" class="attachment-post-thumbnail size-post-thumbnail wp-post-image" alt="Vagenende" style="object-fit:cover;" srcset="https://www.odeonhotel.fr/wp-content/uploads/2016/05/VAGENENDE.jpg 1920w, https://www.odeonhotel.fr/wp-content/uploads/2016/05/VAGENENDE-300x151.jpg 300w, https://www.odeonhotel.fr/wp-content/uploads/2016/05/VAGENENDE-1024x515.jpg 1024w, https://www.odeonhotel.fr/wp-content/uploads/2016/05/VAGENENDE-768x386.jpg 768w, https://www.odeonhotel.fr/wp-content/uploads/2016/05/VAGENENDE-1536x772.jpg 1536w" sizes="(max-width: 1920px) 100vw, 1920px" title=""><span class="wp-block-post-featured-image__overlay has-background-dim has-background-dim-10" style="" aria-hidden="true"></span></a></figure>

<h2 class="has-text-align-center has-link-color wp-elements-ec4dad56195e23fcce3ffc0f4f79024b wp-block-post-title has-medium-font-size"><a href="https://www.odeonhotel.fr/pt-pt/restaurantes-pt/atelier-rouliere/" target="_self" >Vagenende</a></h2>
</li></ul>

</div>

<p>Embarque em uma jornada culinária em Paris, onde um mundo de delícias gastronômicas o aguarda. De restaurantes com estrelas Michelin a bistrôs charmosos e cafés da moda, a cidade oferece um cenário gastronômico diversificado. Delicie-se com a requintada culinária francesa, saboreie doces deliciosos e explore os sabores internacionais. Os restaurantes parisienses prometem uma experiência epicurista [&hellip;]</p>
