{"id":8282,"date":"2023-05-16T12:35:09","date_gmt":"2023-05-16T10:35:09","guid":{"rendered":"http:\/\/www.laperle.tess5418.odns.fr\/visitar-paris\/monumentos\/"},"modified":"2026-03-25T00:46:28","modified_gmt":"2026-03-24T23:46:28","slug":"monumentos","status":"publish","type":"page","link":"https:\/\/www.odeonhotel.fr\/pt-pt\/visitar-paris\/monumentos\/","title":{"rendered":"Monumentos"},"content":{"rendered":"\n<p class=\"rank-math-breadcrumb has-contrast-color has-text-color has-link-color wp-elements-25ea15f0c683000874e0206829316f32\" style=\"margin-right:3%;margin-left:3%\">Est\u00e1 aqui : <a href=\"\/pt-pt\/\">Inicial<\/a> \u00bb <a href=\"\/pt-pt\/visit-paris\/\">visitar Paris<\/a><\/p>\n\n<h1 class=\"wp-block-heading has-text-align-center\" style=\"margin-top:0;margin-right:0;margin-bottom:0;margin-left:0;padding-top:var(--wp--preset--spacing--40);padding-right:0;padding-bottom:0;padding-left:0;font-size:clamp(30.693px, 1.918rem + ((1vw - 3.2px) * 2.649), 54px);letter-spacing:-1px\">Monumentos<\/h1>\n\n<div class=\"wp-block-columns is-layout-flex wp-container-core-columns-is-layout-66a182f9 wp-block-columns-is-layout-flex\" style=\"margin-top:0;margin-bottom:0;padding-top:var(--wp--preset--spacing--30);padding-right:0;padding-bottom:var(--wp--preset--spacing--40);padding-left:0\">\n<div class=\"wp-block-column is-layout-flow wp-block-column-is-layout-flow\" style=\"--col-width:100%;padding-right:3%;padding-left:3%;flex-basis:100%\">\n<p class=\"has-text-align-center\" style=\"padding-right:0;padding-left:0\">Conhe\u00e7a a grandiosidade de Paris por meio de seus monumentos ic\u00f4nicos. Desde a majestosa Torre Eiffel at\u00e9 as pontes hist\u00f3ricas, cada monumento conta uma hist\u00f3ria de arte, hist\u00f3ria e brilho arquitet\u00f4nico. Admire a beleza atemporal da Catedral de Notre-Dame, passeie pelo opulento Pal\u00e1cio de Versalhes e deixe-se cativar pelo Arco do Triunfo. Os monumentos de Paris s\u00e3o um testemunho de seu rico patrim\u00f4nio cultural.   <\/p>\n<\/div>\n<\/div>\n\n<div class=\"wp-block-query is-layout-flow wp-block-query-is-layout-flow\"><ul style=\"padding-right:var(--wp--preset--spacing--30);padding-left:var(--wp--preset--spacing--30);\" class=\"columns-3 wp-block-post-template is-layout-grid wp-container-core-post-template-is-layout-2b4f8fd7 wp-block-post-template-is-layout-grid\"><li class=\"wp-block-post post-8823 post type-post status-publish format-standard has-post-thumbnail hentry category-monumentos-pt-pt\">\n<figure class=\"image-zoom wp-block-post-featured-image\"><a href=\"https:\/\/www.odeonhotel.fr\/pt-pt\/monumentos-pt-pt\/pontes-de-paris\/\" target=\"_self\"  ><img decoding=\"async\" width=\"1920\" height=\"965\" src=\"https:\/\/www.odeonhotel.fr\/wp-content\/uploads\/2026\/01\/ponts.jpg\" class=\"has-border-color has-primary-border-color wp-post-image\" alt=\"Pontes de Paris\" style=\"border-width:5px;object-fit:cover;\" srcset=\"https:\/\/www.odeonhotel.fr\/wp-content\/uploads\/2026\/01\/ponts.jpg 1920w, https:\/\/www.odeonhotel.fr\/wp-content\/uploads\/2026\/01\/ponts-300x151.jpg 300w, https:\/\/www.odeonhotel.fr\/wp-content\/uploads\/2026\/01\/ponts-1024x515.jpg 1024w, https:\/\/www.odeonhotel.fr\/wp-content\/uploads\/2026\/01\/ponts-768x386.jpg 768w, https:\/\/www.odeonhotel.fr\/wp-content\/uploads\/2026\/01\/ponts-1536x772.jpg 1536w\" sizes=\"(max-width: 1920px) 100vw, 1920px\" title=\"\"><\/a><\/figure>\n\n<h1 style=\"font-size:clamp(16.293px, 1.018rem + ((1vw - 3.2px) * 0.989), 25px);font-style:normal;font-weight:400;letter-spacing:-1px; padding-top:0;padding-bottom:0;margin-top:5px;\" class=\"has-text-align-center has-link-color wp-elements-a3ce7be901921f7189e03a8faf4a104b wp-block-post-title has-text-color has-primary-color has-libre-caslon-text-font-family\"><a href=\"https:\/\/www.odeonhotel.fr\/pt-pt\/monumentos-pt-pt\/pontes-de-paris\/\" target=\"_self\" >Pontes de Paris<\/a><\/h1>\n<\/li><li class=\"wp-block-post post-8757 post type-post status-publish format-standard has-post-thumbnail hentry category-monumentos-pt-pt\">\n<figure class=\"image-zoom wp-block-post-featured-image\"><a href=\"https:\/\/www.odeonhotel.fr\/pt-pt\/monumentos-pt-pt\/castelo-de-versalhes\/\" target=\"_self\"  ><img decoding=\"async\" width=\"1920\" height=\"965\" src=\"https:\/\/www.odeonhotel.fr\/wp-content\/uploads\/2026\/01\/Chateau-versaille.jpg\" class=\"has-border-color has-primary-border-color wp-post-image\" alt=\"Castelo de Versalhes\" style=\"border-width:5px;object-fit:cover;\" srcset=\"https:\/\/www.odeonhotel.fr\/wp-content\/uploads\/2026\/01\/Chateau-versaille.jpg 1920w, https:\/\/www.odeonhotel.fr\/wp-content\/uploads\/2026\/01\/Chateau-versaille-300x151.jpg 300w, https:\/\/www.odeonhotel.fr\/wp-content\/uploads\/2026\/01\/Chateau-versaille-1024x515.jpg 1024w, https:\/\/www.odeonhotel.fr\/wp-content\/uploads\/2026\/01\/Chateau-versaille-768x386.jpg 768w, https:\/\/www.odeonhotel.fr\/wp-content\/uploads\/2026\/01\/Chateau-versaille-1536x772.jpg 1536w\" sizes=\"(max-width: 1920px) 100vw, 1920px\" title=\"\"><\/a><\/figure>\n\n<h1 style=\"font-size:clamp(16.293px, 1.018rem + ((1vw - 3.2px) * 0.989), 25px);font-style:normal;font-weight:400;letter-spacing:-1px; padding-top:0;padding-bottom:0;margin-top:5px;\" class=\"has-text-align-center has-link-color wp-elements-a3ce7be901921f7189e03a8faf4a104b wp-block-post-title has-text-color has-primary-color has-libre-caslon-text-font-family\"><a href=\"https:\/\/www.odeonhotel.fr\/pt-pt\/monumentos-pt-pt\/castelo-de-versalhes\/\" target=\"_self\" >Castelo de Versalhes<\/a><\/h1>\n<\/li><li class=\"wp-block-post post-8775 post type-post status-publish format-standard has-post-thumbnail hentry category-monumentos-pt-pt\">\n<figure class=\"image-zoom wp-block-post-featured-image\"><a href=\"https:\/\/www.odeonhotel.fr\/pt-pt\/monumentos-pt-pt\/sacre-coeur\/\" target=\"_self\"  ><img decoding=\"async\" width=\"1920\" height=\"965\" src=\"https:\/\/www.odeonhotel.fr\/wp-content\/uploads\/2026\/01\/sacre-coeur.jpg\" class=\"has-border-color has-primary-border-color wp-post-image\" alt=\"Sacr\u00e9 Coeur\" style=\"border-width:5px;object-fit:cover;\" srcset=\"https:\/\/www.odeonhotel.fr\/wp-content\/uploads\/2026\/01\/sacre-coeur.jpg 1920w, https:\/\/www.odeonhotel.fr\/wp-content\/uploads\/2026\/01\/sacre-coeur-300x151.jpg 300w, https:\/\/www.odeonhotel.fr\/wp-content\/uploads\/2026\/01\/sacre-coeur-1024x515.jpg 1024w, https:\/\/www.odeonhotel.fr\/wp-content\/uploads\/2026\/01\/sacre-coeur-768x386.jpg 768w, https:\/\/www.odeonhotel.fr\/wp-content\/uploads\/2026\/01\/sacre-coeur-1536x772.jpg 1536w\" sizes=\"(max-width: 1920px) 100vw, 1920px\" title=\"\"><\/a><\/figure>\n\n<h1 style=\"font-size:clamp(16.293px, 1.018rem + ((1vw - 3.2px) * 0.989), 25px);font-style:normal;font-weight:400;letter-spacing:-1px; padding-top:0;padding-bottom:0;margin-top:5px;\" class=\"has-text-align-center has-link-color wp-elements-a3ce7be901921f7189e03a8faf4a104b wp-block-post-title has-text-color has-primary-color has-libre-caslon-text-font-family\"><a href=\"https:\/\/www.odeonhotel.fr\/pt-pt\/monumentos-pt-pt\/sacre-coeur\/\" target=\"_self\" >Sacr\u00e9 Coeur<\/a><\/h1>\n<\/li><li class=\"wp-block-post post-8807 post type-post status-publish format-standard has-post-thumbnail hentry category-monumentos-pt-pt\">\n<figure class=\"image-zoom wp-block-post-featured-image\"><a href=\"https:\/\/www.odeonhotel.fr\/pt-pt\/monumentos-pt-pt\/notre-dame-de-paris\/\" target=\"_self\"  ><img decoding=\"async\" width=\"1920\" height=\"965\" src=\"https:\/\/www.odeonhotel.fr\/wp-content\/uploads\/2026\/01\/notre-dame.jpg\" class=\"has-border-color has-primary-border-color wp-post-image\" alt=\"Notre Dame de Paris\" style=\"border-width:5px;object-fit:cover;\" srcset=\"https:\/\/www.odeonhotel.fr\/wp-content\/uploads\/2026\/01\/notre-dame.jpg 1920w, https:\/\/www.odeonhotel.fr\/wp-content\/uploads\/2026\/01\/notre-dame-300x151.jpg 300w, https:\/\/www.odeonhotel.fr\/wp-content\/uploads\/2026\/01\/notre-dame-1024x515.jpg 1024w, https:\/\/www.odeonhotel.fr\/wp-content\/uploads\/2026\/01\/notre-dame-768x386.jpg 768w, https:\/\/www.odeonhotel.fr\/wp-content\/uploads\/2026\/01\/notre-dame-1536x772.jpg 1536w\" sizes=\"(max-width: 1920px) 100vw, 1920px\" title=\"\"><\/a><\/figure>\n\n<h1 style=\"font-size:clamp(16.293px, 1.018rem + ((1vw - 3.2px) * 0.989), 25px);font-style:normal;font-weight:400;letter-spacing:-1px; padding-top:0;padding-bottom:0;margin-top:5px;\" class=\"has-text-align-center has-link-color wp-elements-a3ce7be901921f7189e03a8faf4a104b wp-block-post-title has-text-color has-primary-color has-libre-caslon-text-font-family\"><a href=\"https:\/\/www.odeonhotel.fr\/pt-pt\/monumentos-pt-pt\/notre-dame-de-paris\/\" target=\"_self\" >Notre Dame de Paris<\/a><\/h1>\n<\/li><li class=\"wp-block-post post-8791 post type-post status-publish format-standard has-post-thumbnail hentry category-monumentos-pt-pt\">\n<figure class=\"image-zoom wp-block-post-featured-image\"><a href=\"https:\/\/www.odeonhotel.fr\/pt-pt\/monumentos-pt-pt\/a-torre-eiffel\/\" target=\"_self\"  ><img decoding=\"async\" width=\"1920\" height=\"965\" src=\"https:\/\/www.odeonhotel.fr\/wp-content\/uploads\/2026\/01\/tour-eiffel.jpg\" class=\"has-border-color has-primary-border-color wp-post-image\" alt=\"A Torre Eiffel\" style=\"border-width:5px;object-fit:cover;\" srcset=\"https:\/\/www.odeonhotel.fr\/wp-content\/uploads\/2026\/01\/tour-eiffel.jpg 1920w, https:\/\/www.odeonhotel.fr\/wp-content\/uploads\/2026\/01\/tour-eiffel-300x151.jpg 300w, https:\/\/www.odeonhotel.fr\/wp-content\/uploads\/2026\/01\/tour-eiffel-1024x515.jpg 1024w, https:\/\/www.odeonhotel.fr\/wp-content\/uploads\/2026\/01\/tour-eiffel-768x386.jpg 768w, https:\/\/www.odeonhotel.fr\/wp-content\/uploads\/2026\/01\/tour-eiffel-1536x772.jpg 1536w\" sizes=\"(max-width: 1920px) 100vw, 1920px\" title=\"\"><\/a><\/figure>\n\n<h1 style=\"font-size:clamp(16.293px, 1.018rem + ((1vw - 3.2px) * 0.989), 25px);font-style:normal;font-weight:400;letter-spacing:-1px; padding-top:0;padding-bottom:0;margin-top:5px;\" class=\"has-text-align-center has-link-color wp-elements-a3ce7be901921f7189e03a8faf4a104b wp-block-post-title has-text-color has-primary-color has-libre-caslon-text-font-family\"><a href=\"https:\/\/www.odeonhotel.fr\/pt-pt\/monumentos-pt-pt\/a-torre-eiffel\/\" target=\"_self\" >A Torre Eiffel<\/a><\/h1>\n<\/li><\/ul>\n\n<\/div>\n\n<div style=\"height:40px\" aria-hidden=\"true\" class=\"wp-block-spacer\"><\/div>\n","protected":false},"excerpt":{"rendered":"<p>Est\u00e1 aqui : Inicial \u00bb visitar Paris Monumentos Conhe\u00e7a a grandiosidade de Paris por meio de seus monumentos ic\u00f4nicos. Desde a majestosa Torre Eiffel at\u00e9 as pontes hist\u00f3ricas, cada monumento conta uma hist\u00f3ria de arte, hist\u00f3ria e brilho arquitet\u00f4nico. Admire a beleza atemporal da Catedral de Notre-Dame, passeie pelo opulento Pal\u00e1cio de Versalhes e deixe-se [&hellip;]<\/p>\n","protected":false},"author":1,"featured_media":24404,"parent":8260,"menu_order":1,"comment_status":"closed","ping_status":"closed","template":"","meta":{"footnotes":""},"class_list":["post-8282","page","type-page","status-publish","has-post-thumbnail","hentry"],"_links":{"self":[{"href":"https:\/\/www.odeonhotel.fr\/pt-pt\/wp-json\/wp\/v2\/pages\/8282","targetHints":{"allow":["GET"]}}],"collection":[{"href":"https:\/\/www.odeonhotel.fr\/pt-pt\/wp-json\/wp\/v2\/pages"}],"about":[{"href":"https:\/\/www.odeonhotel.fr\/pt-pt\/wp-json\/wp\/v2\/types\/page"}],"author":[{"embeddable":true,"href":"https:\/\/www.odeonhotel.fr\/pt-pt\/wp-json\/wp\/v2\/users\/1"}],"replies":[{"embeddable":true,"href":"https:\/\/www.odeonhotel.fr\/pt-pt\/wp-json\/wp\/v2\/comments?post=8282"}],"version-history":[{"count":4,"href":"https:\/\/www.odeonhotel.fr\/pt-pt\/wp-json\/wp\/v2\/pages\/8282\/revisions"}],"predecessor-version":[{"id":25624,"href":"https:\/\/www.odeonhotel.fr\/pt-pt\/wp-json\/wp\/v2\/pages\/8282\/revisions\/25624"}],"up":[{"embeddable":true,"href":"https:\/\/www.odeonhotel.fr\/pt-pt\/wp-json\/wp\/v2\/pages\/8260"}],"wp:featuredmedia":[{"embeddable":true,"href":"https:\/\/www.odeonhotel.fr\/pt-pt\/wp-json\/wp\/v2\/media\/24404"}],"wp:attachment":[{"href":"https:\/\/www.odeonhotel.fr\/pt-pt\/wp-json\/wp\/v2\/media?parent=8282"}],"curies":[{"name":"wp","href":"https:\/\/api.w.org\/{rel}","templated":true}]}}

<p class="rank-math-breadcrumb has-contrast-color has-text-color has-link-color wp-elements-25ea15f0c683000874e0206829316f32" style="margin-right:3%;margin-left:3%">Está aqui : <a href="/pt-pt/">Inicial</a> » <a href="/pt-pt/visit-paris/">visitar Paris</a></p>

<h1 class="wp-block-heading has-text-align-center" style="margin-top:0;margin-right:0;margin-bottom:0;margin-left:0;padding-top:var(--wp--preset--spacing--40);padding-right:0;padding-bottom:0;padding-left:0;font-size:clamp(30.693px, 1.918rem + ((1vw - 3.2px) * 2.649), 54px);letter-spacing:-1px">Monumentos</h1>

<div class="wp-block-columns is-layout-flex wp-container-core-columns-is-layout-66a182f9 wp-block-columns-is-layout-flex" style="margin-top:0;margin-bottom:0;padding-top:var(--wp--preset--spacing--30);padding-right:0;padding-bottom:var(--wp--preset--spacing--40);padding-left:0">
<div class="wp-block-column is-layout-flow wp-block-column-is-layout-flow" style="--col-width:100%;padding-right:3%;padding-left:3%;flex-basis:100%">
<p class="has-text-align-center" style="padding-right:0;padding-left:0">Conheça a grandiosidade de Paris por meio de seus monumentos icônicos. Desde a majestosa Torre Eiffel até as pontes históricas, cada monumento conta uma história de arte, história e brilho arquitetônico. Admire a beleza atemporal da Catedral de Notre-Dame, passeie pelo opulento Palácio de Versalhes e deixe-se cativar pelo Arco do Triunfo. Os monumentos de Paris são um testemunho de seu rico patrimônio cultural.   </p>
</div>
</div>

<div class="wp-block-query is-layout-flow wp-block-query-is-layout-flow"><ul style="padding-right:var(--wp--preset--spacing--30);padding-left:var(--wp--preset--spacing--30);" class="columns-3 wp-block-post-template is-layout-grid wp-container-core-post-template-is-layout-2b4f8fd7 wp-block-post-template-is-layout-grid"><li class="wp-block-post post-8823 post type-post status-publish format-standard has-post-thumbnail hentry category-monumentos-pt-pt">
<figure class="image-zoom wp-block-post-featured-image"><a href="https://www.odeonhotel.fr/pt-pt/monumentos-pt-pt/pontes-de-paris/" target="_self"  ><img decoding="async" width="1920" height="965" src="https://www.odeonhotel.fr/wp-content/uploads/2026/01/ponts.jpg" class="has-border-color has-primary-border-color wp-post-image" alt="Pontes de Paris" style="border-width:5px;object-fit:cover;" srcset="https://www.odeonhotel.fr/wp-content/uploads/2026/01/ponts.jpg 1920w, https://www.odeonhotel.fr/wp-content/uploads/2026/01/ponts-300x151.jpg 300w, https://www.odeonhotel.fr/wp-content/uploads/2026/01/ponts-1024x515.jpg 1024w, https://www.odeonhotel.fr/wp-content/uploads/2026/01/ponts-768x386.jpg 768w, https://www.odeonhotel.fr/wp-content/uploads/2026/01/ponts-1536x772.jpg 1536w" sizes="(max-width: 1920px) 100vw, 1920px" title=""></a></figure>

<h1 style="font-size:clamp(16.293px, 1.018rem + ((1vw - 3.2px) * 0.989), 25px);font-style:normal;font-weight:400;letter-spacing:-1px; padding-top:0;padding-bottom:0;margin-top:5px;" class="has-text-align-center has-link-color wp-elements-a3ce7be901921f7189e03a8faf4a104b wp-block-post-title has-text-color has-primary-color has-libre-caslon-text-font-family"><a href="https://www.odeonhotel.fr/pt-pt/monumentos-pt-pt/pontes-de-paris/" target="_self" >Pontes de Paris</a></h1>
</li><li class="wp-block-post post-8757 post type-post status-publish format-standard has-post-thumbnail hentry category-monumentos-pt-pt">
<figure class="image-zoom wp-block-post-featured-image"><a href="https://www.odeonhotel.fr/pt-pt/monumentos-pt-pt/castelo-de-versalhes/" target="_self"  ><img decoding="async" width="1920" height="965" src="https://www.odeonhotel.fr/wp-content/uploads/2026/01/Chateau-versaille.jpg" class="has-border-color has-primary-border-color wp-post-image" alt="Castelo de Versalhes" style="border-width:5px;object-fit:cover;" srcset="https://www.odeonhotel.fr/wp-content/uploads/2026/01/Chateau-versaille.jpg 1920w, https://www.odeonhotel.fr/wp-content/uploads/2026/01/Chateau-versaille-300x151.jpg 300w, https://www.odeonhotel.fr/wp-content/uploads/2026/01/Chateau-versaille-1024x515.jpg 1024w, https://www.odeonhotel.fr/wp-content/uploads/2026/01/Chateau-versaille-768x386.jpg 768w, https://www.odeonhotel.fr/wp-content/uploads/2026/01/Chateau-versaille-1536x772.jpg 1536w" sizes="(max-width: 1920px) 100vw, 1920px" title=""></a></figure>

<h1 style="font-size:clamp(16.293px, 1.018rem + ((1vw - 3.2px) * 0.989), 25px);font-style:normal;font-weight:400;letter-spacing:-1px; padding-top:0;padding-bottom:0;margin-top:5px;" class="has-text-align-center has-link-color wp-elements-a3ce7be901921f7189e03a8faf4a104b wp-block-post-title has-text-color has-primary-color has-libre-caslon-text-font-family"><a href="https://www.odeonhotel.fr/pt-pt/monumentos-pt-pt/castelo-de-versalhes/" target="_self" >Castelo de Versalhes</a></h1>
</li><li class="wp-block-post post-8775 post type-post status-publish format-standard has-post-thumbnail hentry category-monumentos-pt-pt">
<figure class="image-zoom wp-block-post-featured-image"><a href="https://www.odeonhotel.fr/pt-pt/monumentos-pt-pt/sacre-coeur/" target="_self"  ><img decoding="async" width="1920" height="965" src="https://www.odeonhotel.fr/wp-content/uploads/2026/01/sacre-coeur.jpg" class="has-border-color has-primary-border-color wp-post-image" alt="Sacré Coeur" style="border-width:5px;object-fit:cover;" srcset="https://www.odeonhotel.fr/wp-content/uploads/2026/01/sacre-coeur.jpg 1920w, https://www.odeonhotel.fr/wp-content/uploads/2026/01/sacre-coeur-300x151.jpg 300w, https://www.odeonhotel.fr/wp-content/uploads/2026/01/sacre-coeur-1024x515.jpg 1024w, https://www.odeonhotel.fr/wp-content/uploads/2026/01/sacre-coeur-768x386.jpg 768w, https://www.odeonhotel.fr/wp-content/uploads/2026/01/sacre-coeur-1536x772.jpg 1536w" sizes="(max-width: 1920px) 100vw, 1920px" title=""></a></figure>

<h1 style="font-size:clamp(16.293px, 1.018rem + ((1vw - 3.2px) * 0.989), 25px);font-style:normal;font-weight:400;letter-spacing:-1px; padding-top:0;padding-bottom:0;margin-top:5px;" class="has-text-align-center has-link-color wp-elements-a3ce7be901921f7189e03a8faf4a104b wp-block-post-title has-text-color has-primary-color has-libre-caslon-text-font-family"><a href="https://www.odeonhotel.fr/pt-pt/monumentos-pt-pt/sacre-coeur/" target="_self" >Sacré Coeur</a></h1>
</li><li class="wp-block-post post-8807 post type-post status-publish format-standard has-post-thumbnail hentry category-monumentos-pt-pt">
<figure class="image-zoom wp-block-post-featured-image"><a href="https://www.odeonhotel.fr/pt-pt/monumentos-pt-pt/notre-dame-de-paris/" target="_self"  ><img decoding="async" width="1920" height="965" src="https://www.odeonhotel.fr/wp-content/uploads/2026/01/notre-dame.jpg" class="has-border-color has-primary-border-color wp-post-image" alt="Notre Dame de Paris" style="border-width:5px;object-fit:cover;" srcset="https://www.odeonhotel.fr/wp-content/uploads/2026/01/notre-dame.jpg 1920w, https://www.odeonhotel.fr/wp-content/uploads/2026/01/notre-dame-300x151.jpg 300w, https://www.odeonhotel.fr/wp-content/uploads/2026/01/notre-dame-1024x515.jpg 1024w, https://www.odeonhotel.fr/wp-content/uploads/2026/01/notre-dame-768x386.jpg 768w, https://www.odeonhotel.fr/wp-content/uploads/2026/01/notre-dame-1536x772.jpg 1536w" sizes="(max-width: 1920px) 100vw, 1920px" title=""></a></figure>

<h1 style="font-size:clamp(16.293px, 1.018rem + ((1vw - 3.2px) * 0.989), 25px);font-style:normal;font-weight:400;letter-spacing:-1px; padding-top:0;padding-bottom:0;margin-top:5px;" class="has-text-align-center has-link-color wp-elements-a3ce7be901921f7189e03a8faf4a104b wp-block-post-title has-text-color has-primary-color has-libre-caslon-text-font-family"><a href="https://www.odeonhotel.fr/pt-pt/monumentos-pt-pt/notre-dame-de-paris/" target="_self" >Notre Dame de Paris</a></h1>
</li><li class="wp-block-post post-8791 post type-post status-publish format-standard has-post-thumbnail hentry category-monumentos-pt-pt">
<figure class="image-zoom wp-block-post-featured-image"><a href="https://www.odeonhotel.fr/pt-pt/monumentos-pt-pt/a-torre-eiffel/" target="_self"  ><img decoding="async" width="1920" height="965" src="https://www.odeonhotel.fr/wp-content/uploads/2026/01/tour-eiffel.jpg" class="has-border-color has-primary-border-color wp-post-image" alt="A Torre Eiffel" style="border-width:5px;object-fit:cover;" srcset="https://www.odeonhotel.fr/wp-content/uploads/2026/01/tour-eiffel.jpg 1920w, https://www.odeonhotel.fr/wp-content/uploads/2026/01/tour-eiffel-300x151.jpg 300w, https://www.odeonhotel.fr/wp-content/uploads/2026/01/tour-eiffel-1024x515.jpg 1024w, https://www.odeonhotel.fr/wp-content/uploads/2026/01/tour-eiffel-768x386.jpg 768w, https://www.odeonhotel.fr/wp-content/uploads/2026/01/tour-eiffel-1536x772.jpg 1536w" sizes="(max-width: 1920px) 100vw, 1920px" title=""></a></figure>

<h1 style="font-size:clamp(16.293px, 1.018rem + ((1vw - 3.2px) * 0.989), 25px);font-style:normal;font-weight:400;letter-spacing:-1px; padding-top:0;padding-bottom:0;margin-top:5px;" class="has-text-align-center has-link-color wp-elements-a3ce7be901921f7189e03a8faf4a104b wp-block-post-title has-text-color has-primary-color has-libre-caslon-text-font-family"><a href="https://www.odeonhotel.fr/pt-pt/monumentos-pt-pt/a-torre-eiffel/" target="_self" >A Torre Eiffel</a></h1>
</li></ul>

</div>

<div style="height:40px" aria-hidden="true" class="wp-block-spacer"></div>

<p>Está aqui : Inicial » visitar Paris Monumentos Conheça a grandiosidade de Paris por meio de seus monumentos icônicos. Desde a majestosa Torre Eiffel até as pontes históricas, cada monumento conta uma história de arte, história e brilho arquitetônico. Admire a beleza atemporal da Catedral de Notre-Dame, passeie pelo opulento Palácio de Versalhes e deixe-se [&hellip;]</p>
